CRAN Package Check Results for Package faoutlier

Last updated on 2025-02-19 16:50:48 CET.

Flavor Version Tinstall Tcheck Ttotal Status Flags
r-devel-linux-x86_64-debian-clang 0.7.6 9.31 80.92 90.23 NOTE
r-devel-linux-x86_64-debian-gcc 0.7.6 7.78 59.63 67.41 NOTE
r-devel-linux-x86_64-fedora-clang 0.7.6 157.33 NOTE
r-devel-linux-x86_64-fedora-gcc 0.7.6 140.14 NOTE
r-devel-macos-arm64 0.7.6 41.00 NOTE
r-devel-macos-x86_64 0.7.6 83.00 NOTE
r-devel-windows-x86_64 0.7.6 12.00 94.00 106.00 NOTE
r-patched-linux-x86_64 0.7.6 9.42 75.50 84.92 NOTE
r-release-linux-x86_64 0.7.6 10.47 75.71 86.18 NOTE
r-release-macos-arm64 0.7.6 42.00 NOTE
r-release-macos-x86_64 0.7.6 58.00 NOTE
r-release-windows-x86_64 0.7.6 11.00 88.00 99.00 NOTE
r-oldrel-macos-arm64 0.7.6 50.00 NOTE
r-oldrel-macos-x86_64 0.7.6 73.00 NOTE
r-oldrel-windows-x86_64 0.7.6 16.00 116.00 132.00 NOTE

Check Details

Version: 0.7.6
Check: package subdirectories
Result: NOTE Problems with news in ‘NEWS.md’: No news entries found. Flavors: r-devel-linux-x86_64-debian-clang, r-devel-linux-x86_64-debian-gcc, r-devel-linux-x86_64-fedora-clang, r-devel-linux-x86_64-fedora-gcc, r-devel-macos-arm64, r-devel-macos-x86_64, r-devel-windows-x86_64, r-patched-linux-x86_64, r-release-linux-x86_64, r-release-macos-arm64, r-release-macos-x86_64, r-release-windows-x86_64, r-oldrel-macos-arm64, r-oldrel-macos-x86_64, r-oldrel-windows-x86_64

Version: 0.7.6
Check: Rd cross-references
Result: NOTE Found the following Rd file(s) with Rd \link{} targets missing package anchors: robustMD.Rd: cov.rob Please provide package anchors for all Rd \link{} targets not in the package itself and the base packages. Flavors: r-devel-linux-x86_64-debian-clang, r-devel-linux-x86_64-debian-gcc, r-devel-windows-x86_64

These binaries (installable software) and packages are in development.
They may not be fully stable and should be used with caution. We make no claims about them.