Last updated on 2025-10-03 01:49:45 CEST.
Flavor | Version | Tinstall | Tcheck | Ttotal | Status | Flags |
---|---|---|---|---|---|---|
r-devel-linux-x86_64-debian-clang | 0.1.1 | 2.35 | 29.71 | 32.06 | OK | |
r-devel-linux-x86_64-debian-gcc | 0.1.1 | 1.82 | 24.29 | 26.11 | OK | |
r-devel-linux-x86_64-fedora-clang | 0.1.1 | 48.21 | OK | |||
r-devel-linux-x86_64-fedora-gcc | 0.1.1 | 58.90 | OK | |||
r-devel-windows-x86_64 | 0.1.1 | 5.00 | 53.00 | 58.00 | OK | |
r-patched-linux-x86_64 | 0.1.1 | 2.12 | 27.68 | 29.80 | OK | |
r-release-linux-x86_64 | 0.1.1 | 2.21 | 27.63 | 29.84 | OK | |
r-release-macos-arm64 | 0.1.1 | 38.00 | OK | |||
r-release-macos-x86_64 | 0.1.1 | 45.00 | OK | |||
r-release-windows-x86_64 | 0.1.1 | 4.00 | 53.00 | 57.00 | OK | |
r-oldrel-macos-arm64 | 0.1.1 | 24.00 | NOTE | |||
r-oldrel-macos-x86_64 | 0.1.1 | 37.00 | NOTE | |||
r-oldrel-windows-x86_64 | 0.1.1 | 5.00 | 61.00 | 66.00 | NOTE |
Version: 0.1.1
Check: LazyData
Result: NOTE
'LazyData' is specified without a 'data' directory
Flavors: r-oldrel-macos-arm64, r-oldrel-macos-x86_64, r-oldrel-windows-x86_64
These binaries (installable software) and packages are in development.
They may not be fully stable and should be used with caution. We make no claims about them.