CRAN Package Check Results for Package faq

Last updated on 2025-02-16 10:50:45 CET.

Flavor Version Tinstall Tcheck Ttotal Status Flags
r-devel-linux-x86_64-debian-clang 0.1.1 2.20 26.60 28.80 OK
r-devel-linux-x86_64-debian-gcc 0.1.1 1.91 22.57 24.48 OK
r-devel-linux-x86_64-fedora-clang 0.1.1 49.90 OK
r-devel-linux-x86_64-fedora-gcc 0.1.1 59.23 OK
r-devel-macos-arm64 0.1.1 27.00 OK
r-devel-macos-x86_64 0.1.1 45.00 OK
r-devel-windows-x86_64 0.1.1 4.00 55.00 59.00 OK
r-patched-linux-x86_64 0.1.1 2.39 26.09 28.48 NOTE
r-release-linux-x86_64 0.1.1 2.11 25.66 27.77 NOTE
r-release-macos-arm64 0.1.1 24.00 NOTE
r-release-macos-x86_64 0.1.1 37.00 NOTE
r-release-windows-x86_64 0.1.1 4.00 55.00 59.00 NOTE
r-oldrel-macos-arm64 0.1.1 26.00 NOTE
r-oldrel-macos-x86_64 0.1.1 35.00 NOTE
r-oldrel-windows-x86_64 0.1.1 5.00 76.00 81.00 NOTE

Check Details

Version: 0.1.1
Check: LazyData
Result: NOTE 'LazyData' is specified without a 'data' directory Flavors: r-patched-linux-x86_64, r-release-linux-x86_64, r-release-macos-arm64, r-release-macos-x86_64, r-release-windows-x86_64, r-oldrel-macos-arm64, r-oldrel-macos-x86_64, r-oldrel-windows-x86_64

These binaries (installable software) and packages are in development.
They may not be fully stable and should be used with caution. We make no claims about them.