Last updated on 2024-07-27 15:50:17 CEST.
Flavor | Version | Tinstall | Tcheck | Ttotal | Status | Flags |
---|---|---|---|---|---|---|
r-devel-linux-x86_64-debian-clang | 1.1.1 | 5.63 | 46.32 | 51.95 | OK | |
r-devel-linux-x86_64-debian-gcc | 1.1.1 | OK | ||||
r-devel-linux-x86_64-fedora-clang | 1.1.1 | 66.05 | NOTE | |||
r-devel-linux-x86_64-fedora-gcc | 1.1.1 | 63.84 | OK | |||
r-devel-windows-x86_64 | 1.1.1 | 12.00 | 55.00 | 67.00 | OK | |
r-patched-linux-x86_64 | 1.1.1 | OK | ||||
r-release-linux-x86_64 | 1.1.1 | 4.30 | 44.04 | 48.34 | OK | |
r-release-macos-arm64 | 1.1.1 | 26.00 | OK | |||
r-release-macos-x86_64 | 1.1.1 | 35.00 | OK | |||
r-release-windows-x86_64 | 1.1.1 | 10.00 | 55.00 | 65.00 | OK | |
r-oldrel-macos-arm64 | 1.1.1 | 28.00 | OK | |||
r-oldrel-macos-x86_64 | 1.1.1 | 38.00 | OK | |||
r-oldrel-windows-x86_64 | 1.1.1 | 14.00 | 68.00 | 82.00 | OK |
Version: 1.1.1
Check: Rd cross-references
Result: NOTE
Undeclared package ‘RWeka’ in Rd xrefs
Flavor: r-devel-linux-x86_64-fedora-clang
These binaries (installable software) and packages are in development.
They may not be fully stable and should be used with caution. We make no claims about them.