CRAN Package Check Results for Package farrell

Last updated on 2025-02-16 10:50:45 CET.

Flavor Version Tinstall Tcheck Ttotal Status Flags
r-devel-linux-x86_64-debian-clang 0.2.1 1.80 21.89 23.69 OK
r-devel-linux-x86_64-debian-gcc 0.2.1 1.66 17.88 19.54 OK
r-devel-linux-x86_64-fedora-clang 0.2.1 42.44 NOTE
r-devel-linux-x86_64-fedora-gcc 0.2.1 51.71 NOTE
r-devel-macos-arm64 0.2.1 26.00 OK
r-devel-macos-x86_64 0.2.1 40.00 OK
r-devel-windows-x86_64 0.2.1 4.00 46.00 50.00 OK
r-patched-linux-x86_64 0.2.1 2.16 21.17 23.33 NOTE
r-release-linux-x86_64 0.2.1 1.45 21.61 23.06 NOTE
r-release-macos-arm64 0.2.1 23.00 NOTE
r-release-macos-x86_64 0.2.1 39.00 NOTE
r-release-windows-x86_64 0.2.1 5.00 45.00 50.00 NOTE
r-oldrel-macos-arm64 0.2.1 24.00 NOTE
r-oldrel-macos-x86_64 0.2.1 29.00 NOTE
r-oldrel-windows-x86_64 0.2.1 5.00 48.00 53.00 NOTE

Check Details

Version: 0.2.1
Check: dependencies in R code
Result: NOTE Namespace in Imports field not imported from: ‘rlang’ All declared Imports should be used. Flavors: r-devel-linux-x86_64-fedora-clang, r-devel-linux-x86_64-fedora-gcc

Version: 0.2.1
Check: LazyData
Result: NOTE 'LazyData' is specified without a 'data' directory Flavors: r-patched-linux-x86_64, r-release-linux-x86_64, r-release-macos-arm64, r-release-macos-x86_64, r-release-windows-x86_64, r-oldrel-macos-arm64, r-oldrel-macos-x86_64, r-oldrel-windows-x86_64

These binaries (installable software) and packages are in development.
They may not be fully stable and should be used with caution. We make no claims about them.