CRAN Package Check Results for Package farver

Last updated on 2025-05-23 07:50:59 CEST.

Flavor Version Tinstall Tcheck Ttotal Status Flags
r-devel-linux-x86_64-debian-clang 2.1.2 24.18 22.68 46.86 OK
r-devel-linux-x86_64-debian-gcc 2.1.2 26.59 18.81 45.40 OK
r-devel-linux-x86_64-fedora-clang 2.1.2 77.61 OK
r-devel-linux-x86_64-fedora-gcc 2.1.2 116.68 OK
r-devel-windows-x86_64 2.1.2 40.00 103.00 143.00 OK
r-patched-linux-x86_64 2.1.2 31.31 20.64 51.95 OK
r-release-linux-x86_64 2.1.2 33.37 20.91 54.28 OK
r-release-macos-arm64 2.1.2 33.00 OK
r-release-macos-x86_64 2.1.2 45.00 OK
r-release-windows-x86_64 2.1.2 44.00 86.00 130.00 OK
r-oldrel-macos-arm64 2.1.2 31.00 OK
r-oldrel-macos-x86_64 2.1.2 38.00 NOTE
r-oldrel-windows-x86_64 2.1.2 39.00 66.00 105.00 OK

Check Details

Version: 2.1.2
Check: installed package size
Result: NOTE installed size is 5.4Mb sub-directories of 1Mb or more: help 1.6Mb libs 3.8Mb Flavor: r-oldrel-macos-x86_64

These binaries (installable software) and packages are in development.
They may not be fully stable and should be used with caution. We make no claims about them.