Last updated on 2025-11-16 07:49:33 CET.
| Flavor | Version | Tinstall | Tcheck | Ttotal | Status | Flags |
|---|---|---|---|---|---|---|
| r-devel-linux-x86_64-debian-clang | 2.2.2 | 19.53 | 154.57 | 174.10 | OK | |
| r-devel-linux-x86_64-debian-gcc | 2.2.2 | 15.11 | 103.63 | 118.74 | OK | |
| r-devel-linux-x86_64-fedora-clang | 2.2.2 | 45.00 | 245.51 | 290.51 | OK | |
| r-devel-linux-x86_64-fedora-gcc | 2.2.2 | 47.00 | 241.92 | 288.92 | OK | |
| r-devel-windows-x86_64 | 2.2.2 | 33.00 | 215.00 | 248.00 | OK | |
| r-patched-linux-x86_64 | 2.2.2 | 21.37 | 153.28 | 174.65 | OK | |
| r-release-linux-x86_64 | 2.2.2 | 22.07 | 152.05 | 174.12 | OK | |
| r-release-macos-arm64 | 2.2.2 | 11.00 | 80.00 | 91.00 | OK | |
| r-release-macos-x86_64 | 2.2.2 | 19.00 | 189.00 | 208.00 | OK | |
| r-release-windows-x86_64 | 2.2.2 | 27.00 | 211.00 | 238.00 | OK | |
| r-oldrel-macos-arm64 | 2.2.2 | 5.00 | 52.00 | 57.00 | NOTE | |
| r-oldrel-macos-x86_64 | 2.2.2 | 8.00 | 96.00 | 104.00 | NOTE | |
| r-oldrel-windows-x86_64 | 2.2.2 | 26.00 | 297.00 | 323.00 | NOTE |
Version: 2.2.2
Check: for GNU extensions in Makefiles
Result: NOTE
GNU make is a SystemRequirements.
Flavors: r-oldrel-macos-arm64, r-oldrel-macos-x86_64, r-oldrel-windows-x86_64
These binaries (installable software) and packages are in development.
They may not be fully stable and should be used with caution. We make no claims about them.