CRAN Package Check Results for Package fasano.franceschini.test

Last updated on 2025-02-16 10:50:45 CET.

Flavor Version Tinstall Tcheck Ttotal Status Flags
r-devel-linux-x86_64-debian-clang 2.2.2 20.56 157.96 178.52 OK
r-devel-linux-x86_64-debian-gcc 2.2.2 15.47 101.32 116.79 OK
r-devel-linux-x86_64-fedora-clang 2.2.2 293.58 OK
r-devel-linux-x86_64-fedora-gcc 2.2.2 288.11 OK
r-devel-macos-arm64 2.2.2 91.00 OK
r-devel-macos-x86_64 2.2.2 218.00 OK
r-devel-windows-x86_64 2.2.2 25.00 218.00 243.00 OK
r-patched-linux-x86_64 2.2.2 22.58 156.56 179.14 NOTE
r-release-linux-x86_64 2.2.2 21.80 159.88 181.68 NOTE
r-release-macos-arm64 2.2.2 57.00 NOTE
r-release-macos-x86_64 2.2.2 104.00 NOTE
r-release-windows-x86_64 2.2.2 26.00 222.00 248.00 NOTE
r-oldrel-macos-arm64 2.2.2 104.00 NOTE
r-oldrel-macos-x86_64 2.2.2 285.00 NOTE
r-oldrel-windows-x86_64 2.2.2 24.00 291.00 315.00 NOTE

Check Details

Version: 2.2.2
Check: for GNU extensions in Makefiles
Result: NOTE GNU make is a SystemRequirements. Flavors: r-patched-linux-x86_64, r-release-linux-x86_64, r-release-macos-arm64, r-release-macos-x86_64, r-release-windows-x86_64, r-oldrel-macos-arm64, r-oldrel-macos-x86_64, r-oldrel-windows-x86_64

These binaries (installable software) and packages are in development.
They may not be fully stable and should be used with caution. We make no claims about them.