Last updated on 2024-07-27 15:50:17 CEST.
Flavor | Version | Tinstall | Tcheck | Ttotal | Status | Flags |
---|---|---|---|---|---|---|
r-devel-linux-x86_64-debian-clang | 2.2.2 | 27.73 | 197.62 | 225.35 | NOTE | |
r-devel-linux-x86_64-debian-gcc | 2.2.2 | NOTE | ||||
r-devel-linux-x86_64-fedora-clang | 2.2.2 | 304.28 | NOTE | |||
r-devel-linux-x86_64-fedora-gcc | 2.2.2 | 290.97 | NOTE | |||
r-devel-windows-x86_64 | 2.2.2 | 25.00 | 216.00 | 241.00 | NOTE | |
r-patched-linux-x86_64 | 2.2.2 | NOTE | ||||
r-release-linux-x86_64 | 2.2.2 | 24.98 | 192.99 | 217.97 | NOTE | |
r-release-macos-arm64 | 2.2.2 | 87.00 | NOTE | |||
r-release-macos-x86_64 | 2.2.2 | 158.00 | NOTE | |||
r-release-windows-x86_64 | 2.2.2 | 33.00 | 215.00 | 248.00 | NOTE | |
r-oldrel-macos-arm64 | 2.2.2 | 104.00 | NOTE | |||
r-oldrel-macos-x86_64 | 2.2.2 | 285.00 | NOTE | |||
r-oldrel-windows-x86_64 | 2.2.2 | 25.00 | 252.00 | 277.00 | NOTE |
Version: 2.2.2
Check: for GNU extensions in Makefiles
Result: NOTE
GNU make is a SystemRequirements.
Flavors: r-devel-linux-x86_64-debian-clang, r-devel-linux-x86_64-debian-gcc, r-devel-linux-x86_64-fedora-clang, r-devel-linux-x86_64-fedora-gcc, r-devel-windows-x86_64, r-patched-linux-x86_64, r-release-linux-x86_64, r-release-macos-arm64, r-release-macos-x86_64, r-release-windows-x86_64, r-oldrel-macos-arm64, r-oldrel-macos-x86_64, r-oldrel-windows-x86_64
These binaries (installable software) and packages are in development.
They may not be fully stable and should be used with caution. We make no claims about them.