Last updated on 2025-10-03 03:50:39 CEST.
Flavor | Version | Tinstall | Tcheck | Ttotal | Status | Flags |
---|---|---|---|---|---|---|
r-devel-linux-x86_64-debian-clang | 2.2.2 | 19.54 | 159.49 | 179.03 | OK | |
r-devel-linux-x86_64-debian-gcc | 2.2.2 | 15.03 | 102.07 | 117.10 | OK | |
r-devel-linux-x86_64-fedora-clang | 2.2.2 | 271.23 | OK | |||
r-devel-linux-x86_64-fedora-gcc | 2.2.2 | 270.77 | OK | |||
r-devel-windows-x86_64 | 2.2.2 | 26.00 | 215.00 | 241.00 | OK | |
r-patched-linux-x86_64 | 2.2.2 | 22.94 | 154.30 | 177.24 | OK | |
r-release-linux-x86_64 | 2.2.2 | 22.48 | 154.46 | 176.94 | OK | |
r-release-macos-arm64 | 2.2.2 | 91.00 | OK | |||
r-release-macos-x86_64 | 2.2.2 | 208.00 | OK | |||
r-release-windows-x86_64 | 2.2.2 | 27.00 | 216.00 | 243.00 | OK | |
r-oldrel-macos-arm64 | 2.2.2 | 57.00 | NOTE | |||
r-oldrel-macos-x86_64 | 2.2.2 | 104.00 | NOTE | |||
r-oldrel-windows-x86_64 | 2.2.2 | 25.00 | 298.00 | 323.00 | NOTE |
Version: 2.2.2
Check: for GNU extensions in Makefiles
Result: NOTE
GNU make is a SystemRequirements.
Flavors: r-oldrel-macos-arm64, r-oldrel-macos-x86_64, r-oldrel-windows-x86_64
These binaries (installable software) and packages are in development.
They may not be fully stable and should be used with caution. We make no claims about them.