CRAN Package Check Results for Package fastGHQuad

Last updated on 2025-10-03 23:49:53 CEST.

Flavor Version Tinstall Tcheck Ttotal Status Flags
r-devel-linux-x86_64-debian-clang 1.0.1 9.01 26.47 35.48 NOTE
r-devel-linux-x86_64-debian-gcc 1.0.1 6.06 20.73 26.79 NOTE
r-devel-linux-x86_64-fedora-clang 1.0.1 58.03 OK
r-devel-linux-x86_64-fedora-gcc 1.0.1 53.81 OK
r-devel-windows-x86_64 1.0.1 14.00 99.00 113.00 OK
r-patched-linux-x86_64 1.0.1 8.33 25.53 33.86 OK
r-release-linux-x86_64 1.0.1 8.61 25.37 33.98 OK
r-release-macos-arm64 1.0.1 23.00 OK
r-release-macos-x86_64 1.0.1 37.00 OK
r-release-windows-x86_64 1.0.1 12.00 74.00 86.00 OK
r-oldrel-macos-arm64 1.0.1 28.00 OK
r-oldrel-macos-x86_64 1.0.1 30.00 OK
r-oldrel-windows-x86_64 1.0.1 16.00 77.00 93.00 OK

Check Details

Version: 1.0.1
Check: CRAN incoming feasibility
Result: NOTE Maintainer: ‘Alexander W Blocker <ablocker@gmail.com>’ No Authors@R field in DESCRIPTION. Please add one, modifying Authors@R: person(given = c("Alexander", "W"), family = "Blocker", role = c("aut", "cre"), email = "ablocker@gmail.com") as necessary. Flavors: r-devel-linux-x86_64-debian-clang, r-devel-linux-x86_64-debian-gcc

These binaries (installable software) and packages are in development.
They may not be fully stable and should be used with caution. We make no claims about them.