Last updated on 2025-10-23 11:50:13 CEST.
Flavor | Version | Tinstall | Tcheck | Ttotal | Status | Flags |
---|---|---|---|---|---|---|
r-devel-linux-x86_64-debian-clang | 1.0.3 | 28.78 | 49.05 | 77.83 | NOTE | |
r-devel-linux-x86_64-debian-gcc | 1.0.3 | 22.03 | 35.21 | 57.24 | OK | |
r-devel-linux-x86_64-fedora-clang | 1.0.3 | 92.00 | 51.13 | 143.13 | OK | |
r-devel-linux-x86_64-fedora-gcc | 1.0.3 | 68.00 | 73.14 | 141.14 | OK | |
r-devel-windows-x86_64 | 1.0.3 | 39.00 | 93.00 | 132.00 | OK | |
r-patched-linux-x86_64 | 1.0.3 | 30.45 | 43.18 | 73.63 | OK | |
r-release-linux-x86_64 | 1.0.3 | 33.84 | 43.01 | 76.85 | OK | |
r-release-macos-arm64 | 1.0.3 | 12.00 | 33.00 | 45.00 | OK | |
r-release-macos-x86_64 | 1.0.3 | 25.00 | 70.00 | 95.00 | OK | |
r-release-windows-x86_64 | 1.0.3 | 40.00 | 96.00 | 136.00 | OK | |
r-oldrel-macos-arm64 | 1.0.3 | 12.00 | 38.00 | 50.00 | NOTE | |
r-oldrel-macos-x86_64 | 1.0.3 | 24.00 | 68.00 | 92.00 | NOTE | |
r-oldrel-windows-x86_64 | 1.0.3 | 46.00 | 110.00 | 156.00 | NOTE |
Version: 1.0.3
Check: HTML version of manual
Result: NOTE
Found the following HTML validation problems:
fastglcm.html:47:1 (fastglcm.Rd:113): Warning: <h3> anchor "Methods" already defined
fastglcm.html:93:1 (fastglcm.Rd:136): Warning: <h5> anchor "Usage" already defined
fastglcm.html:155:1 (fastglcm.Rd:182): Warning: <h5> anchor "Usage" already defined
fastglcm.html:161:1 (fastglcm.Rd:186): Warning: <h5> anchor "Arguments" already defined
Flavor: r-devel-linux-x86_64-debian-clang
Version: 1.0.3
Check: installed package size
Result: NOTE
installed size is 7.3Mb
sub-directories of 1Mb or more:
images 3.1Mb
libs 3.0Mb
Flavors: r-oldrel-macos-arm64, r-oldrel-macos-x86_64, r-oldrel-windows-x86_64
These binaries (installable software) and packages are in development.
They may not be fully stable and should be used with caution. We make no claims about them.