Last updated on 2025-05-21 21:49:16 CEST.
Flavor | Version | Tinstall | Tcheck | Ttotal | Status | Flags |
---|---|---|---|---|---|---|
r-devel-linux-x86_64-debian-clang | 1.0.2 | 29.29 | 45.35 | 74.64 | NOTE | |
r-devel-linux-x86_64-debian-gcc | 1.0.2 | 24.67 | 34.05 | 58.72 | NOTE | |
r-devel-linux-x86_64-fedora-clang | 1.0.2 | 129.23 | NOTE | |||
r-devel-linux-x86_64-fedora-gcc | 1.0.2 | 150.86 | NOTE | |||
r-devel-windows-x86_64 | 1.0.2 | 38.00 | 120.00 | 158.00 | NOTE | |
r-patched-linux-x86_64 | 1.0.2 | 31.83 | 41.91 | 73.74 | NOTE | |
r-release-linux-x86_64 | 1.0.2 | 31.87 | 42.25 | 74.12 | NOTE | |
r-release-macos-arm64 | 1.0.2 | 67.00 | NOTE | |||
r-release-macos-x86_64 | 1.0.2 | 101.00 | NOTE | |||
r-release-windows-x86_64 | 1.0.2 | 39.00 | 110.00 | 149.00 | NOTE | |
r-oldrel-macos-arm64 | 1.0.2 | 45.00 | NOTE | |||
r-oldrel-macos-x86_64 | 1.0.2 | 69.00 | NOTE | |||
r-oldrel-windows-x86_64 | 1.0.2 | 44.00 | 109.00 | 153.00 | NOTE |
Version: 1.0.2
Check: C++ specification
Result: NOTE
Specified C++11: please drop specification unless essential
Flavors: r-devel-linux-x86_64-debian-clang, r-devel-linux-x86_64-debian-gcc, r-devel-linux-x86_64-fedora-clang, r-devel-linux-x86_64-fedora-gcc, r-devel-windows-x86_64, r-patched-linux-x86_64, r-release-linux-x86_64, r-release-macos-arm64, r-release-macos-x86_64, r-release-windows-x86_64, r-oldrel-macos-arm64, r-oldrel-macos-x86_64, r-oldrel-windows-x86_64
Version: 1.0.2
Check: installed package size
Result: NOTE
installed size is 7.2Mb
sub-directories of 1Mb or more:
images 3.1Mb
libs 2.9Mb
Flavors: r-oldrel-macos-arm64, r-oldrel-macos-x86_64, r-oldrel-windows-x86_64
These binaries (installable software) and packages are in development.
They may not be fully stable and should be used with caution. We make no claims about them.