Last updated on 2025-02-16 10:50:45 CET.
Flavor | Version | Tinstall | Tcheck | Ttotal | Status | Flags |
---|---|---|---|---|---|---|
r-devel-linux-x86_64-debian-clang | 0.6.1 | 47.52 | 100.39 | 147.91 | OK | |
r-devel-linux-x86_64-debian-gcc | 0.6.1 | 33.70 | 70.67 | 104.37 | OK | |
r-devel-linux-x86_64-fedora-clang | 0.6.1 | 259.72 | OK | |||
r-devel-linux-x86_64-fedora-gcc | 0.6.1 | 246.73 | OK | |||
r-devel-macos-arm64 | 0.6.1 | 60.00 | OK | |||
r-devel-macos-x86_64 | 0.6.1 | 128.00 | OK | |||
r-devel-windows-x86_64 | 0.6.1 | 52.00 | 135.00 | 187.00 | OK | |
r-patched-linux-x86_64 | 0.6.1 | 45.31 | 92.47 | 137.78 | OK | |
r-release-linux-x86_64 | 0.6.1 | 45.24 | 93.05 | 138.29 | OK | |
r-release-macos-arm64 | 0.6.1 | 59.00 | NOTE | |||
r-release-macos-x86_64 | 0.6.1 | 106.00 | NOTE | |||
r-release-windows-x86_64 | 0.6.1 | 51.00 | 133.00 | 184.00 | NOTE | |
r-oldrel-macos-arm64 | 0.6.1 | 71.00 | NOTE | |||
r-oldrel-macos-x86_64 | 0.6.1 | 207.00 | NOTE | |||
r-oldrel-windows-x86_64 | 0.6.1 | 63.00 | 151.00 | 214.00 | NOTE |
Version: 0.6.1
Check: installed package size
Result: NOTE
installed size is 8.5Mb
sub-directories of 1Mb or more:
data 5.6Mb
libs 2.6Mb
Flavors: r-release-macos-arm64, r-release-macos-x86_64, r-release-windows-x86_64, r-oldrel-macos-arm64, r-oldrel-macos-x86_64, r-oldrel-windows-x86_64
These binaries (installable software) and packages are in development.
They may not be fully stable and should be used with caution. We make no claims about them.