Last updated on 2024-07-27 15:50:17 CEST.
Flavor | Version | Tinstall | Tcheck | Ttotal | Status | Flags |
---|---|---|---|---|---|---|
r-devel-linux-x86_64-debian-clang | 0.6.1 | 58.58 | 128.88 | 187.46 | OK | |
r-devel-linux-x86_64-debian-gcc | 0.6.1 | OK | ||||
r-devel-linux-x86_64-fedora-clang | 0.6.1 | 264.93 | NOTE | |||
r-devel-linux-x86_64-fedora-gcc | 0.6.1 | 245.40 | OK | |||
r-devel-windows-x86_64 | 0.6.1 | 53.00 | 134.00 | 187.00 | NOTE | |
r-patched-linux-x86_64 | 0.6.1 | OK | ||||
r-release-linux-x86_64 | 0.6.1 | 54.45 | 124.51 | 178.96 | OK | |
r-release-macos-arm64 | 0.6.1 | 59.00 | NOTE | |||
r-release-macos-x86_64 | 0.6.1 | 106.00 | NOTE | |||
r-release-windows-x86_64 | 0.6.1 | 58.00 | 130.00 | 188.00 | NOTE | |
r-oldrel-macos-arm64 | 0.6.1 | 71.00 | NOTE | |||
r-oldrel-macos-x86_64 | 0.6.1 | 207.00 | NOTE | |||
r-oldrel-windows-x86_64 | 0.6.1 | 67.00 | 166.00 | 233.00 | NOTE |
Version: 0.6.1
Check: installed package size
Result: NOTE
installed size is 5.4Mb
sub-directories of 1Mb or more:
data 4.8Mb
Flavors: r-devel-linux-x86_64-fedora-clang, r-devel-windows-x86_64, r-release-macos-arm64, r-release-macos-x86_64, r-release-windows-x86_64, r-oldrel-macos-arm64, r-oldrel-macos-x86_64, r-oldrel-windows-x86_64
These binaries (installable software) and packages are in development.
They may not be fully stable and should be used with caution. We make no claims about them.