CRAN Package Check Results for Package fastLink

Last updated on 2025-07-17 21:50:45 CEST.

Flavor Version Tinstall Tcheck Ttotal Status Flags
r-devel-linux-x86_64-debian-clang 0.6.1 46.82 100.84 147.66 OK
r-devel-linux-x86_64-debian-gcc 0.6.1 31.98 72.35 104.33 OK
r-devel-linux-x86_64-fedora-clang 0.6.1 244.56 OK
r-devel-linux-x86_64-fedora-gcc 0.6.1 235.36 OK
r-devel-windows-x86_64 0.6.1 53.00 131.00 184.00 OK
r-patched-linux-x86_64 0.6.1 47.59 93.64 141.23 OK
r-release-linux-x86_64 0.6.1 48.14 95.43 143.57 OK
r-release-macos-arm64 0.6.1 65.00 OK
r-release-macos-x86_64 0.6.1 117.00 OK
r-release-windows-x86_64 0.6.1 56.00 135.00 191.00 OK
r-oldrel-macos-arm64 0.6.1 59.00 NOTE
r-oldrel-macos-x86_64 0.6.1 106.00 NOTE
r-oldrel-windows-x86_64 0.6.1 66.00 160.00 226.00 NOTE

Check Details

Version: 0.6.1
Check: installed package size
Result: NOTE installed size is 8.5Mb sub-directories of 1Mb or more: data 5.6Mb libs 2.6Mb Flavors: r-oldrel-macos-arm64, r-oldrel-macos-x86_64, r-oldrel-windows-x86_64

These binaries (installable software) and packages are in development.
They may not be fully stable and should be used with caution. We make no claims about them.