Last updated on 2025-10-23 21:51:26 CEST.
Flavor | Version | Tinstall | Tcheck | Ttotal | Status | Flags |
---|---|---|---|---|---|---|
r-devel-linux-x86_64-debian-clang | 2.2.1 | 13.17 | 88.04 | 101.21 | NOTE | |
r-devel-linux-x86_64-debian-gcc | 2.2.1 | 9.39 | 66.89 | 76.28 | NOTE | |
r-devel-linux-x86_64-fedora-clang | 2.2.1 | 30.00 | 129.75 | 159.75 | OK | |
r-devel-linux-x86_64-fedora-gcc | 2.2.1 | 25.00 | 134.59 | 159.59 | OK | |
r-devel-windows-x86_64 | 2.2.1 | 15.00 | 98.00 | 113.00 | OK | |
r-patched-linux-x86_64 | 2.2.1 | 13.84 | 83.09 | 96.93 | OK | |
r-release-linux-x86_64 | 2.2.1 | 13.16 | 83.05 | 96.21 | OK | |
r-release-macos-arm64 | 2.2.1 | 7.00 | 57.00 | 64.00 | OK | |
r-release-macos-x86_64 | 2.2.1 | 18.00 | 99.00 | 117.00 | OK | |
r-release-windows-x86_64 | 2.2.1 | 16.00 | 100.00 | 116.00 | OK | |
r-oldrel-macos-arm64 | 2.2.1 | 7.00 | 46.00 | 53.00 | OK | |
r-oldrel-macos-x86_64 | 2.2.1 | 11.00 | 70.00 | 81.00 | OK | |
r-oldrel-windows-x86_64 | 2.2.1 | 18.00 | 124.00 | 142.00 | OK |
Version: 2.2.1
Check: CRAN incoming feasibility
Result: NOTE
Maintainer: ‘Martin Skogholt <m.skogholt@gmail.com>’
No Authors@R field in DESCRIPTION.
Please add one, modifying
Authors@R: person(given = "Martin",
family = "Skogholt",
role = c("aut", "cre"),
email = "m.skogholt@gmail.com")
as necessary.
Flavors: r-devel-linux-x86_64-debian-clang, r-devel-linux-x86_64-debian-gcc
Version: 2.2.1
Check: HTML version of manual
Result: NOTE
Found the following HTML validation problems:
updateFNB.html:80:1 (updateFNB.Rd:36): Warning: missing </ul> before </div>
Flavor: r-devel-linux-x86_64-debian-clang
These binaries (installable software) and packages are in development.
They may not be fully stable and should be used with caution. We make no claims about them.