Last updated on 2025-02-02 18:50:20 CET.
Flavor | Version | Tinstall | Tcheck | Ttotal | Status | Flags |
---|---|---|---|---|---|---|
r-devel-linux-x86_64-debian-clang | 1.2.4 | 12.67 | 109.55 | 122.22 | NOTE | |
r-devel-linux-x86_64-debian-gcc | 1.2.4 | 9.62 | 78.53 | 88.15 | NOTE | |
r-devel-linux-x86_64-fedora-clang | 1.2.4 | 198.82 | OK | |||
r-devel-linux-x86_64-fedora-gcc | 1.2.4 | 205.91 | OK | |||
r-devel-windows-x86_64 | 1.2.4 | 18.00 | 132.00 | 150.00 | NOTE | |
r-patched-linux-x86_64 | 1.2.4 | 22.36 | 101.10 | 123.46 | OK | |
r-release-linux-x86_64 | 1.2.4 | 10.75 | 103.19 | 113.94 | OK | |
r-release-macos-arm64 | 1.2.4 | 61.00 | OK | |||
r-release-macos-x86_64 | 1.2.4 | 101.00 | OK | |||
r-release-windows-x86_64 | 1.2.4 | 18.00 | 134.00 | 152.00 | OK | |
r-oldrel-macos-arm64 | 1.2.4 | 64.00 | OK | |||
r-oldrel-macos-x86_64 | 1.2.4 | 167.00 | OK | |||
r-oldrel-windows-x86_64 | 1.2.4 | 23.00 | 160.00 | 183.00 | OK |
Version: 1.2.4
Check: Rd cross-references
Result: NOTE
Found the following Rd file(s) with Rd \link{} targets missing package
anchors:
SSplot.Rd: rand
col.fastR.Rd: trellis.par.set, show.settings
maxLik2.Rd: maxLik
plot.maxLik2.Rd: maxLik
Please provide package anchors for all Rd \link{} targets not in the
package itself and the base packages.
Flavors: r-devel-linux-x86_64-debian-clang, r-devel-linux-x86_64-debian-gcc, r-devel-windows-x86_64
These binaries (installable software) and packages are in development.
They may not be fully stable and should be used with caution. We make no claims about them.