Last updated on 2025-05-08 04:52:04 CEST.
Flavor | Version | Tinstall | Tcheck | Ttotal | Status | Flags |
---|---|---|---|---|---|---|
r-devel-linux-x86_64-debian-clang | 0.3.2 | 11.02 | 127.95 | 138.97 | NOTE | |
r-devel-linux-x86_64-debian-gcc | 0.3.2 | 7.33 | 90.28 | 97.61 | NOTE | |
r-devel-linux-x86_64-fedora-clang | 0.3.2 | 210.82 | OK | |||
r-devel-linux-x86_64-fedora-gcc | 0.3.2 | 212.67 | OK | |||
r-devel-windows-x86_64 | 0.3.2 | 13.00 | 134.00 | 147.00 | NOTE | |
r-patched-linux-x86_64 | 0.3.2 | 11.50 | 118.87 | 130.37 | NOTE | |
r-release-linux-x86_64 | 0.3.2 | 11.10 | 118.78 | 129.88 | NOTE | |
r-release-macos-arm64 | 0.3.2 | 56.00 | OK | |||
r-release-macos-x86_64 | 0.3.2 | 129.00 | OK | |||
r-release-windows-x86_64 | 0.3.2 | 13.00 | 139.00 | 152.00 | NOTE | |
r-oldrel-macos-arm64 | 0.3.2 | 55.00 | OK | |||
r-oldrel-macos-x86_64 | 0.3.2 | 103.00 | OK | |||
r-oldrel-windows-x86_64 | 0.3.2 | 16.00 | 165.00 | 181.00 | OK |
Version: 0.3.2
Check: Rd cross-references
Result: NOTE
Found the following Rd file(s) with Rd \link{} targets missing package
anchors:
directed_erdos_renyi.Rd: Matrix
directed_factor_model.Rd: Matrix
erdos_renyi.Rd: Matrix
undirected_factor_model.Rd: Matrix
Please provide package anchors for all Rd \link{} targets not in the
package itself and the base packages.
Flavors: r-devel-linux-x86_64-debian-clang, r-devel-linux-x86_64-debian-gcc, r-devel-windows-x86_64, r-patched-linux-x86_64, r-release-linux-x86_64, r-release-windows-x86_64
These binaries (installable software) and packages are in development.
They may not be fully stable and should be used with caution. We make no claims about them.