Last updated on 2025-02-16 10:50:45 CET.
Flavor | Version | Tinstall | Tcheck | Ttotal | Status | Flags |
---|---|---|---|---|---|---|
r-devel-linux-x86_64-debian-clang | 0.3.2 | 11.09 | 119.20 | 130.29 | NOTE | |
r-devel-linux-x86_64-debian-gcc | 0.3.2 | 7.37 | 84.13 | 91.50 | NOTE | |
r-devel-linux-x86_64-fedora-clang | 0.3.2 | 226.49 | OK | |||
r-devel-linux-x86_64-fedora-gcc | 0.3.2 | 203.30 | OK | |||
r-devel-macos-arm64 | 0.3.2 | 60.00 | OK | |||
r-devel-macos-x86_64 | 0.3.2 | 129.00 | OK | |||
r-devel-windows-x86_64 | 0.3.2 | 13.00 | 130.00 | 143.00 | NOTE | |
r-patched-linux-x86_64 | 0.3.2 | 11.42 | 112.14 | 123.56 | OK | |
r-release-linux-x86_64 | 0.3.2 | 8.31 | 113.43 | 121.74 | OK | |
r-release-macos-arm64 | 0.3.2 | 55.00 | OK | |||
r-release-macos-x86_64 | 0.3.2 | 103.00 | OK | |||
r-release-windows-x86_64 | 0.3.2 | 11.00 | 127.00 | 138.00 | OK | |
r-oldrel-macos-arm64 | 0.3.2 | 59.00 | OK | |||
r-oldrel-macos-x86_64 | 0.3.2 | 110.00 | OK | |||
r-oldrel-windows-x86_64 | 0.3.2 | 15.00 | 149.00 | 164.00 | OK |
Version: 0.3.2
Check: Rd cross-references
Result: NOTE
Found the following Rd file(s) with Rd \link{} targets missing package
anchors:
directed_erdos_renyi.Rd: Matrix
directed_factor_model.Rd: Matrix
erdos_renyi.Rd: Matrix
undirected_factor_model.Rd: Matrix
Please provide package anchors for all Rd \link{} targets not in the
package itself and the base packages.
Flavors: r-devel-linux-x86_64-debian-clang, r-devel-linux-x86_64-debian-gcc, r-devel-windows-x86_64
These binaries (installable software) and packages are in development.
They may not be fully stable and should be used with caution. We make no claims about them.