Last updated on 2025-05-08 04:52:04 CEST.
Flavor | Version | Tinstall | Tcheck | Ttotal | Status | Flags |
---|---|---|---|---|---|---|
r-devel-linux-x86_64-debian-clang | 0.4.0 | 10.08 | 69.21 | 79.29 | NOTE | |
r-devel-linux-x86_64-debian-gcc | 0.4.0 | 7.19 | 49.70 | 56.89 | NOTE | |
r-devel-linux-x86_64-fedora-clang | 0.4.0 | 134.20 | NOTE | |||
r-devel-linux-x86_64-fedora-gcc | 0.4.0 | 123.38 | NOTE | |||
r-devel-windows-x86_64 | 0.4.0 | 11.00 | 91.00 | 102.00 | NOTE | |
r-patched-linux-x86_64 | 0.4.0 | 9.79 | 63.75 | 73.54 | NOTE | |
r-release-linux-x86_64 | 0.4.0 | 10.49 | 63.83 | 74.32 | NOTE | |
r-release-macos-arm64 | 0.4.0 | 37.00 | NOTE | |||
r-release-macos-x86_64 | 0.4.0 | 76.00 | NOTE | |||
r-release-windows-x86_64 | 0.4.0 | 11.00 | 93.00 | 104.00 | NOTE | |
r-oldrel-macos-arm64 | 0.4.0 | 27.00 | NOTE | |||
r-oldrel-macos-x86_64 | 0.4.0 | 45.00 | NOTE | |||
r-oldrel-windows-x86_64 | 0.4.0 | 16.00 | 106.00 | 122.00 | NOTE |
Version: 0.4.0
Check: Rd files
Result: NOTE
checkRd: (-1) update_nhl_db.Rd:51-53: Lost braces in \itemize; meant \describe ?
checkRd: (-1) update_nhl_db.Rd:54-57: Lost braces in \itemize; meant \describe ?
checkRd: (-1) update_phf_db.Rd:51-53: Lost braces in \itemize; meant \describe ?
checkRd: (-1) update_phf_db.Rd:54-57: Lost braces in \itemize; meant \describe ?
Flavors: r-devel-linux-x86_64-debian-clang, r-devel-linux-x86_64-debian-gcc, r-devel-linux-x86_64-fedora-clang, r-devel-linux-x86_64-fedora-gcc, r-devel-windows-x86_64, r-patched-linux-x86_64, r-release-linux-x86_64, r-release-macos-arm64, r-release-macos-x86_64, r-release-windows-x86_64, r-oldrel-macos-arm64, r-oldrel-macos-x86_64, r-oldrel-windows-x86_64
These binaries (installable software) and packages are in development.
They may not be fully stable and should be used with caution. We make no claims about them.