CRAN Package Check Results for Package fastSOM

Last updated on 2025-05-01 17:56:02 CEST.

Flavor Version Tinstall Tcheck Ttotal Status Flags
r-devel-linux-x86_64-debian-clang 1.0.1 4.25 23.49 27.74 NOTE
r-devel-linux-x86_64-debian-gcc 1.0.1 3.28 18.89 22.17 NOTE
r-devel-linux-x86_64-fedora-clang 1.0.1 43.36 OK
r-devel-linux-x86_64-fedora-gcc 1.0.1 42.78 OK
r-devel-windows-x86_64 1.0.1 6.00 51.00 57.00 OK
r-patched-linux-x86_64 1.0.1 4.14 22.95 27.09 OK
r-release-linux-x86_64 OK
r-release-macos-arm64 1.0.1 19.00 OK
r-release-macos-x86_64 1.0.1 36.00 OK
r-release-windows-x86_64 1.0.1 7.00 48.00 55.00 OK
r-oldrel-macos-arm64 1.0.1 17.00 OK
r-oldrel-macos-x86_64 1.0.1 31.00 OK
r-oldrel-windows-x86_64 1.0.1 8.00 43.00 51.00 OK

Check Details

Version: 1.0.1
Check: CRAN incoming feasibility
Result: NOTE Maintainer: ‘Stefan Kloessner <S.Kloessner@mx.uni-saarland.de>’ Package CITATION file contains call(s) to old-style citEntry(). Please use bibentry() instead. Flavors: r-devel-linux-x86_64-debian-clang, r-devel-linux-x86_64-debian-gcc

These binaries (installable software) and packages are in development.
They may not be fully stable and should be used with caution. We make no claims about them.