Last updated on 2025-02-16 10:50:45 CET.
Flavor | Version | Tinstall | Tcheck | Ttotal | Status | Flags |
---|---|---|---|---|---|---|
r-devel-linux-x86_64-debian-clang | 0.1.0 | 1.52 | 16.02 | 17.54 | OK | |
r-devel-linux-x86_64-debian-gcc | 0.1.0 | 1.35 | 13.37 | 14.72 | OK | |
r-devel-linux-x86_64-fedora-clang | 0.1.0 | 29.90 | OK | |||
r-devel-linux-x86_64-fedora-gcc | 0.1.0 | 27.42 | OK | |||
r-devel-macos-arm64 | 0.1.0 | 12.00 | OK | |||
r-devel-macos-x86_64 | 0.1.0 | 22.00 | OK | |||
r-devel-windows-x86_64 | 0.1.0 | 3.00 | 46.00 | 49.00 | OK | |
r-patched-linux-x86_64 | 0.1.0 | 1.27 | 15.28 | 16.55 | NOTE | |
r-release-linux-x86_64 | 0.1.0 | 1.58 | 15.34 | 16.92 | NOTE | |
r-release-macos-arm64 | 0.1.0 | 14.00 | NOTE | |||
r-release-macos-x86_64 | 0.1.0 | 19.00 | NOTE | |||
r-release-windows-x86_64 | 0.1.0 | 3.00 | 33.00 | 36.00 | NOTE | |
r-oldrel-macos-arm64 | 0.1.0 | 14.00 | NOTE | |||
r-oldrel-macos-x86_64 | 0.1.0 | 18.00 | NOTE | |||
r-oldrel-windows-x86_64 | 0.1.0 | 3.00 | 33.00 | 36.00 | NOTE |
Version: 0.1.0
Check: LazyData
Result: NOTE
'LazyData' is specified without a 'data' directory
Flavors: r-patched-linux-x86_64, r-release-linux-x86_64, r-release-macos-arm64, r-release-macos-x86_64, r-release-windows-x86_64, r-oldrel-macos-arm64, r-oldrel-macos-x86_64, r-oldrel-windows-x86_64
These binaries (installable software) and packages are in development.
They may not be fully stable and should be used with caution. We make no claims about them.