Last updated on 2025-02-16 10:50:45 CET.
Flavor | Version | Tinstall | Tcheck | Ttotal | Status | Flags |
---|---|---|---|---|---|---|
r-devel-linux-x86_64-debian-clang | 0.1.1 | 69.11 | 128.81 | 197.92 | NOTE | |
r-devel-linux-x86_64-debian-gcc | 0.1.1 | 44.74 | 100.16 | 144.90 | NOTE | |
r-devel-linux-x86_64-fedora-clang | 0.1.1 | 353.10 | NOTE | |||
r-devel-linux-x86_64-fedora-gcc | 0.1.1 | 343.58 | NOTE | |||
r-devel-macos-arm64 | 0.1.1 | 91.00 | NOTE | |||
r-devel-macos-x86_64 | 0.1.1 | 162.00 | NOTE | |||
r-devel-windows-x86_64 | 0.1.1 | 71.00 | 157.00 | 228.00 | NOTE | |
r-patched-linux-x86_64 | 0.1.1 | 58.93 | 130.43 | 189.36 | NOTE | |
r-release-linux-x86_64 | 0.1.1 | 61.77 | 133.56 | 195.33 | NOTE | |
r-release-macos-arm64 | 0.1.1 | 102.00 | NOTE | |||
r-release-macos-x86_64 | 0.1.1 | 130.00 | NOTE | |||
r-release-windows-x86_64 | 0.1.1 | 74.00 | 149.00 | 223.00 | NOTE | |
r-oldrel-macos-arm64 | 0.1.1 | 116.00 | NOTE | |||
r-oldrel-macos-x86_64 | 0.1.1 | 183.00 | NOTE | |||
r-oldrel-windows-x86_64 | 0.1.1 | 90.00 | 179.00 | 269.00 | NOTE |
Version: 0.1.1
Check: C++ specification
Result: NOTE
Specified C++11: please drop specification unless essential
Flavors: r-devel-linux-x86_64-debian-clang, r-devel-linux-x86_64-debian-gcc, r-devel-linux-x86_64-fedora-clang, r-devel-linux-x86_64-fedora-gcc, r-devel-macos-arm64, r-devel-macos-x86_64, r-devel-windows-x86_64, r-patched-linux-x86_64, r-release-linux-x86_64, r-release-macos-arm64, r-release-macos-x86_64, r-release-windows-x86_64, r-oldrel-macos-arm64, r-oldrel-macos-x86_64, r-oldrel-windows-x86_64
These binaries (installable software) and packages are in development.
They may not be fully stable and should be used with caution. We make no claims about them.