Last updated on 2024-07-27 15:50:17 CEST.
Flavor | Version | Tinstall | Tcheck | Ttotal | Status | Flags |
---|---|---|---|---|---|---|
r-devel-linux-x86_64-debian-clang | 0.1.1 | 90.50 | 147.88 | 238.38 | NOTE | |
r-devel-linux-x86_64-debian-gcc | 0.1.1 | NOTE | ||||
r-devel-linux-x86_64-fedora-clang | 0.1.1 | 353.23 | NOTE | |||
r-devel-linux-x86_64-fedora-gcc | 0.1.1 | 331.58 | NOTE | |||
r-devel-windows-x86_64 | 0.1.1 | 73.00 | 147.00 | 220.00 | NOTE | |
r-patched-linux-x86_64 | 0.1.1 | NOTE | ||||
r-release-linux-x86_64 | 0.1.1 | 74.65 | 170.09 | 244.74 | NOTE | |
r-release-macos-arm64 | 0.1.1 | 102.00 | NOTE | |||
r-release-macos-x86_64 | 0.1.1 | 130.00 | NOTE | |||
r-release-windows-x86_64 | 0.1.1 | 93.00 | 150.00 | 243.00 | NOTE | |
r-oldrel-macos-arm64 | 0.1.1 | 116.00 | NOTE | |||
r-oldrel-macos-x86_64 | 0.1.1 | 183.00 | NOTE | |||
r-oldrel-windows-x86_64 | 0.1.1 | 87.00 | 186.00 | 273.00 | NOTE |
Version: 0.1.1
Check: C++ specification
Result: NOTE
Specified C++11: please drop specification unless essential
Flavors: r-devel-linux-x86_64-debian-clang, r-devel-linux-x86_64-debian-gcc, r-devel-linux-x86_64-fedora-clang, r-devel-linux-x86_64-fedora-gcc, r-devel-windows-x86_64, r-patched-linux-x86_64, r-release-linux-x86_64, r-release-macos-arm64, r-release-macos-x86_64, r-release-windows-x86_64, r-oldrel-macos-arm64, r-oldrel-macos-x86_64, r-oldrel-windows-x86_64
These binaries (installable software) and packages are in development.
They may not be fully stable and should be used with caution. We make no claims about them.