CRAN Package Check Results for Package fastai

Last updated on 2025-05-08 04:52:04 CEST.

Flavor Version Tinstall Tcheck Ttotal Status Flags
r-devel-linux-x86_64-debian-clang 2.2.2 22.32 233.75 256.07 OK
r-devel-linux-x86_64-debian-gcc 2.2.2 14.82 171.12 185.94 OK
r-devel-linux-x86_64-fedora-clang 2.2.2 453.66 OK
r-devel-linux-x86_64-fedora-gcc 2.2.2 456.05 OK
r-devel-windows-x86_64 2.2.2 72.00 940.00 1012.00 OK
r-patched-linux-x86_64 2.2.2 31.62 216.66 248.28 OK
r-release-linux-x86_64 2.2.2 18.42 220.88 239.30 OK
r-release-macos-arm64 2.2.2 139.00 OK
r-release-macos-x86_64 2.2.2 230.00 OK
r-release-windows-x86_64 2.2.2 70.00 941.00 1011.00 OK
r-oldrel-macos-arm64 2.2.2 94.00 NOTE
r-oldrel-macos-x86_64 2.2.2 183.00 NOTE
r-oldrel-windows-x86_64 2.2.2 57.00 634.00 691.00 NOTE

Check Details

Version: 2.2.2
Check: installed package size
Result: NOTE installed size is 5.2Mb sub-directories of 1Mb or more: doc 2.9Mb help 1.3Mb Flavors: r-oldrel-macos-arm64, r-oldrel-macos-x86_64, r-oldrel-windows-x86_64

These binaries (installable software) and packages are in development.
They may not be fully stable and should be used with caution. We make no claims about them.