Last updated on 2025-02-16 10:50:45 CET.
Flavor | Version | Tinstall | Tcheck | Ttotal | Status | Flags |
---|---|---|---|---|---|---|
r-devel-linux-x86_64-debian-clang | 2.2.2 | 24.19 | 247.33 | 271.52 | OK | |
r-devel-linux-x86_64-debian-gcc | 2.2.2 | 16.30 | 176.63 | 192.93 | OK | |
r-devel-linux-x86_64-fedora-clang | 2.2.2 | 451.90 | OK | |||
r-devel-linux-x86_64-fedora-gcc | 2.2.2 | 459.85 | OK | |||
r-devel-macos-arm64 | 2.2.2 | 149.00 | OK | |||
r-devel-macos-x86_64 | 2.2.2 | 230.00 | OK | |||
r-devel-windows-x86_64 | 2.2.2 | 71.00 | 873.00 | 944.00 | OK | |
r-patched-linux-x86_64 | 2.2.2 | 32.38 | 229.71 | 262.09 | OK | |
r-release-linux-x86_64 | 2.2.2 | 22.98 | 232.96 | 255.94 | OK | |
r-release-macos-arm64 | 2.2.2 | 94.00 | NOTE | |||
r-release-macos-x86_64 | 2.2.2 | 183.00 | NOTE | |||
r-release-windows-x86_64 | 2.2.2 | 75.00 | 863.00 | 938.00 | NOTE | |
r-oldrel-macos-arm64 | 2.2.2 | 112.00 | NOTE | |||
r-oldrel-macos-x86_64 | 2.2.2 | 194.00 | NOTE | |||
r-oldrel-windows-x86_64 | 2.2.2 | 69.00 | 745.00 | 814.00 | NOTE |
Version: 2.2.2
Check: installed package size
Result: NOTE
installed size is 5.2Mb
sub-directories of 1Mb or more:
doc 2.9Mb
help 1.3Mb
Flavors: r-release-macos-arm64, r-release-macos-x86_64, r-release-windows-x86_64, r-oldrel-macos-arm64, r-oldrel-macos-x86_64, r-oldrel-windows-x86_64
These binaries (installable software) and packages are in development.
They may not be fully stable and should be used with caution. We make no claims about them.