Last updated on 2025-11-15 17:48:48 CET.
| Flavor | Version | Tinstall | Tcheck | Ttotal | Status | Flags |
|---|---|---|---|---|---|---|
| r-devel-linux-x86_64-debian-clang | 2.2.2 | 21.01 | 245.62 | 266.63 | OK | |
| r-devel-linux-x86_64-debian-gcc | 2.2.2 | 15.53 | 178.35 | 193.88 | OK | |
| r-devel-linux-x86_64-fedora-clang | 2.2.2 | 49.00 | 403.38 | 452.38 | OK | |
| r-devel-linux-x86_64-fedora-gcc | 2.2.2 | 45.00 | 408.84 | 453.84 | OK | |
| r-devel-windows-x86_64 | 2.2.2 | 132.00 | 1516.00 | 1648.00 | OK | |
| r-patched-linux-x86_64 | 2.2.2 | 30.77 | 231.08 | 261.85 | OK | |
| r-release-linux-x86_64 | 2.2.2 | 19.95 | 231.44 | 251.39 | OK | |
| r-release-macos-arm64 | 2.2.2 | 11.00 | 128.00 | 139.00 | OK | |
| r-release-macos-x86_64 | 2.2.2 | 20.00 | 210.00 | 230.00 | OK | |
| r-release-windows-x86_64 | 2.2.2 | 74.00 | 1083.00 | 1157.00 | OK | |
| r-oldrel-macos-arm64 | 2.2.2 | 10.00 | 84.00 | 94.00 | NOTE | |
| r-oldrel-macos-x86_64 | 2.2.2 | 15.00 | 168.00 | 183.00 | NOTE | |
| r-oldrel-windows-x86_64 | 2.2.2 | 59.00 | 637.00 | 696.00 | NOTE |
Version: 2.2.2
Check: installed package size
Result: NOTE
installed size is 5.2Mb
sub-directories of 1Mb or more:
doc 2.9Mb
help 1.3Mb
Flavors: r-oldrel-macos-arm64, r-oldrel-macos-x86_64, r-oldrel-windows-x86_64
These binaries (installable software) and packages are in development.
They may not be fully stable and should be used with caution. We make no claims about them.