CRAN Package Check Results for Package fastcpd

Last updated on 2025-05-08 04:52:04 CEST.

Flavor Version Tinstall Tcheck Ttotal Status Flags
r-devel-linux-x86_64-debian-clang 0.16.2 182.19 117.59 299.78 OK
r-devel-linux-x86_64-debian-gcc 0.16.2 149.57 88.99 238.56 OK
r-devel-linux-x86_64-fedora-clang 0.16.2 531.31 OK
r-devel-linux-x86_64-fedora-gcc 0.16.2 632.70 OK
r-devel-windows-x86_64 0.16.2 208.00 173.00 381.00 OK
r-patched-linux-x86_64 0.16.2 193.08 119.41 312.49 OK
r-release-linux-x86_64 0.16.2 189.05 119.62 308.67 OK
r-release-macos-arm64 0.16.2 140.00 OK
r-release-macos-x86_64 0.16.2 223.00 OK
r-release-windows-x86_64 0.16.2 209.00 178.00 387.00 OK
r-oldrel-macos-arm64 0.16.2 133.00 NOTE
r-oldrel-macos-x86_64 0.16.2 252.00 NOTE
r-oldrel-windows-x86_64 0.16.2 239.00 203.00 442.00 NOTE

Check Details

Version: 0.16.2
Check: installed package size
Result: NOTE installed size is 64.8Mb sub-directories of 1Mb or more: doc 2.4Mb help 1.8Mb libs 59.3Mb Flavors: r-oldrel-macos-arm64, r-oldrel-macos-x86_64, r-oldrel-windows-x86_64

These binaries (installable software) and packages are in development.
They may not be fully stable and should be used with caution. We make no claims about them.