Last updated on 2025-02-16 10:50:45 CET.
Flavor | Version | Tinstall | Tcheck | Ttotal | Status | Flags |
---|---|---|---|---|---|---|
r-devel-linux-x86_64-debian-clang | 0.14.6 | 99.55 | 414.78 | 514.33 | OK | |
r-devel-linux-x86_64-debian-gcc | 0.14.6 | 73.40 | 253.56 | 326.96 | OK | |
r-devel-linux-x86_64-fedora-clang | 0.14.6 | 873.81 | OK | |||
r-devel-linux-x86_64-fedora-gcc | 0.14.6 | 877.63 | OK | |||
r-devel-macos-arm64 | 0.14.6 | 170.00 | OK | |||
r-devel-macos-x86_64 | 0.14.6 | 326.00 | OK | |||
r-devel-windows-x86_64 | 0.14.6 | 107.00 | 285.00 | 392.00 | OK | |
r-patched-linux-x86_64 | 0.14.6 | 103.97 | 385.90 | 489.87 | OK | |
r-release-linux-x86_64 | 0.14.6 | 103.08 | 369.97 | 473.05 | OK | |
r-release-macos-arm64 | 0.14.6 | 181.00 | NOTE | |||
r-release-macos-x86_64 | 0.14.6 | 212.00 | NOTE | |||
r-release-windows-x86_64 | 0.14.6 | 105.00 | 287.00 | 392.00 | NOTE | |
r-oldrel-macos-arm64 | 0.14.6 | 191.00 | NOTE | |||
r-oldrel-macos-x86_64 | 0.14.6 | 264.00 | NOTE | |||
r-oldrel-windows-x86_64 | 0.14.6 | 130.00 | 341.00 | 471.00 | NOTE |
Version: 0.14.6
Check: installed package size
Result: NOTE
installed size is 18.2Mb
sub-directories of 1Mb or more:
doc 2.5Mb
help 1.8Mb
libs 12.6Mb
Flavors: r-release-macos-arm64, r-release-macos-x86_64, r-release-windows-x86_64, r-oldrel-macos-arm64, r-oldrel-macos-x86_64, r-oldrel-windows-x86_64
These binaries (installable software) and packages are in development.
They may not be fully stable and should be used with caution. We make no claims about them.