Last updated on 2025-11-13 17:50:33 CET.
| Flavor | Version | Tinstall | Tcheck | Ttotal | Status | Flags |
|---|---|---|---|---|---|---|
| r-devel-linux-x86_64-debian-clang | 0.16.2 | 186.70 | 124.58 | 311.28 | OK | |
| r-devel-linux-x86_64-debian-gcc | 0.16.2 | 145.16 | 92.80 | 237.96 | OK | |
| r-devel-linux-x86_64-fedora-clang | 0.16.2 | 201.00 | 311.05 | 512.05 | OK | |
| r-devel-linux-x86_64-fedora-gcc | 0.16.2 | 240.00 | 340.13 | 580.13 | OK | |
| r-devel-windows-x86_64 | 0.16.2 | 212.00 | 169.00 | 381.00 | OK | |
| r-patched-linux-x86_64 | 0.16.2 | 201.02 | 124.37 | 325.39 | OK | |
| r-release-linux-x86_64 | 0.16.2 | 192.72 | 124.13 | 316.85 | OK | |
| r-release-macos-arm64 | 0.16.2 | 83.00 | 57.00 | 140.00 | OK | |
| r-release-macos-x86_64 | 0.16.2 | 86.00 | 137.00 | 223.00 | OK | |
| r-release-windows-x86_64 | 0.16.2 | 214.00 | 166.00 | 380.00 | OK | |
| r-oldrel-macos-arm64 | 0.16.2 | 69.00 | 64.00 | 133.00 | NOTE | |
| r-oldrel-macos-x86_64 | 0.16.2 | 96.00 | 156.00 | 252.00 | NOTE | |
| r-oldrel-windows-x86_64 | 0.16.2 | 244.00 | 206.00 | 450.00 | NOTE |
Version: 0.16.2
Check: installed package size
Result: NOTE
installed size is 64.8Mb
sub-directories of 1Mb or more:
doc 2.4Mb
help 1.8Mb
libs 59.3Mb
Flavors: r-oldrel-macos-arm64, r-oldrel-macos-x86_64, r-oldrel-windows-x86_64
These binaries (installable software) and packages are in development.
They may not be fully stable and should be used with caution. We make no claims about them.