Last updated on 2025-02-16 10:50:45 CET.
Flavor | Version | Tinstall | Tcheck | Ttotal | Status | Flags |
---|---|---|---|---|---|---|
r-devel-linux-x86_64-debian-clang | 1.0.3 | 14.18 | 454.31 | 468.49 | NOTE | |
r-devel-linux-x86_64-debian-gcc | 1.0.3 | 10.57 | 285.85 | 296.42 | NOTE | |
r-devel-linux-x86_64-fedora-clang | 1.0.3 | 689.76 | NOTE | |||
r-devel-linux-x86_64-fedora-gcc | 1.0.3 | 644.93 | NOTE | |||
r-devel-macos-arm64 | 1.0.3 | 170.00 | OK | |||
r-devel-macos-x86_64 | 1.0.3 | 400.00 | NOTE | |||
r-devel-windows-x86_64 | 1.0.3 | 15.00 | 314.00 | 329.00 | NOTE | |
r-patched-linux-x86_64 | 1.0.3 | 13.94 | 351.86 | 365.80 | OK | |
r-release-linux-x86_64 | 1.0.3 | 12.74 | 357.56 | 370.30 | OK | |
r-release-macos-arm64 | 1.0.3 | 162.00 | OK | |||
r-release-macos-x86_64 | 1.0.3 | 281.00 | OK | |||
r-release-windows-x86_64 | 1.0.3 | 15.00 | 287.00 | 302.00 | OK | |
r-oldrel-macos-arm64 | 1.0.3 | 155.00 | OK | |||
r-oldrel-macos-x86_64 | 1.0.3 | 265.00 | OK | |||
r-oldrel-windows-x86_64 | 1.0.3 | 20.00 | 371.00 | 391.00 | OK |
Version: 1.0.3
Check: DESCRIPTION meta-information
Result: NOTE
Missing dependency on R >= 4.1.0 because package code uses the pipe
|> or function shorthand \(...) syntax added in R 4.1.0.
File(s) using such syntax:
‘aggregate_gt.R’ ‘aux_funcs.R’ ‘double_did.R’ ‘estimate_gtatt.R’
‘generics.R’ ‘sim_did.R’
Flavors: r-devel-linux-x86_64-debian-clang, r-devel-linux-x86_64-debian-gcc, r-devel-linux-x86_64-fedora-clang, r-devel-linux-x86_64-fedora-gcc, r-devel-macos-x86_64, r-devel-windows-x86_64
These binaries (installable software) and packages are in development.
They may not be fully stable and should be used with caution. We make no claims about them.