Last updated on 2025-11-11 15:50:33 CET.
| Flavor | Version | Tinstall | Tcheck | Ttotal | Status | Flags |
|---|---|---|---|---|---|---|
| r-devel-linux-x86_64-debian-clang | 8.4.1.0 | 75.54 | 387.96 | 463.50 | OK | |
| r-devel-linux-x86_64-debian-gcc | 8.4.1.0 | 47.97 | 233.64 | 281.61 | OK | |
| r-devel-linux-x86_64-fedora-clang | 8.4.1.0 | 184.00 | 559.97 | 743.97 | OK | |
| r-devel-linux-x86_64-fedora-gcc | 8.4.1.0 | 155.00 | 536.87 | 691.87 | OK | |
| r-devel-windows-x86_64 | 8.4.1.0 | 74.00 | 400.00 | 474.00 | OK | |
| r-patched-linux-x86_64 | 8.4.1.0 | 71.86 | 360.84 | 432.70 | OK | |
| r-release-linux-x86_64 | 8.4.1.0 | 73.07 | 357.88 | 430.95 | OK | |
| r-release-macos-arm64 | 8.4.1.0 | 30.00 | 165.00 | 195.00 | OK | |
| r-release-macos-x86_64 | 8.4.1.0 | 51.00 | 255.00 | 306.00 | OK | |
| r-release-windows-x86_64 | 8.4.1.0 | 76.00 | 389.00 | 465.00 | OK | |
| r-oldrel-macos-arm64 | 8.4.1.0 | 25.00 | 138.00 | 163.00 | NOTE | |
| r-oldrel-macos-x86_64 | 8.4.1.0 | 60.00 | 247.00 | 307.00 | NOTE | |
| r-oldrel-windows-x86_64 | 8.4.1.0 | 100.00 | 488.00 | 588.00 | NOTE |
Version: 8.4.1.0
Check: installed package size
Result: NOTE
installed size is 6.2Mb
sub-directories of 1Mb or more:
R 3.1Mb
help 2.0Mb
Flavors: r-oldrel-macos-arm64, r-oldrel-macos-x86_64, r-oldrel-windows-x86_64
These binaries (installable software) and packages are in development.
They may not be fully stable and should be used with caution. We make no claims about them.