Last updated on 2025-11-12 12:53:09 CET.
| Flavor | Version | Tinstall | Tcheck | Ttotal | Status | Flags |
|---|---|---|---|---|---|---|
| r-devel-linux-x86_64-debian-clang | 0.0.3 | 97.04 | 57.18 | 154.22 | NOTE | |
| r-devel-linux-x86_64-debian-gcc | 0.0.3 | 87.24 | 50.64 | 137.88 | NOTE | |
| r-devel-linux-x86_64-fedora-clang | 0.0.3 | 180.00 | 65.06 | 245.06 | NOTE | |
| r-devel-linux-x86_64-fedora-gcc | 0.0.3 | 248.00 | 64.89 | 312.89 | NOTE | |
| r-devel-windows-x86_64 | 0.0.3 | 104.00 | 103.00 | 207.00 | NOTE | |
| r-patched-linux-x86_64 | 0.0.3 | 115.94 | 61.96 | 177.90 | NOTE | |
| r-release-linux-x86_64 | 0.0.3 | 111.91 | 62.15 | 174.06 | NOTE | |
| r-release-macos-arm64 | 0.0.3 | 44.00 | 53.00 | 97.00 | NOTE | |
| r-release-macos-x86_64 | 0.0.3 | 79.00 | 90.00 | 169.00 | NOTE | |
| r-release-windows-x86_64 | 0.0.3 | 108.00 | 99.00 | 207.00 | NOTE | |
| r-oldrel-macos-arm64 | 0.0.3 | 37.00 | 44.00 | 81.00 | NOTE | |
| r-oldrel-macos-x86_64 | 0.0.3 | 58.00 | 57.00 | 115.00 | NOTE | |
| r-oldrel-windows-x86_64 | 0.0.3 | 127.00 | 119.00 | 246.00 | NOTE |
Version: 0.0.3
Check: C++ specification
Result: NOTE
Specified C++11: please drop specification unless essential
Flavors: r-devel-linux-x86_64-debian-clang, r-devel-linux-x86_64-debian-gcc, r-devel-linux-x86_64-fedora-clang, r-devel-linux-x86_64-fedora-gcc, r-devel-windows-x86_64, r-patched-linux-x86_64, r-release-linux-x86_64, r-release-macos-arm64, r-release-macos-x86_64, r-release-windows-x86_64, r-oldrel-macos-arm64, r-oldrel-macos-x86_64, r-oldrel-windows-x86_64
Version: 0.0.3
Check: installed package size
Result: NOTE
installed size is 50.4Mb
sub-directories of 1Mb or more:
libs 50.2Mb
Flavors: r-oldrel-macos-arm64, r-oldrel-macos-x86_64
These binaries (installable software) and packages are in development.
They may not be fully stable and should be used with caution. We make no claims about them.