CRAN Package Check Results for Package fastglm

Last updated on 2025-07-02 03:50:40 CEST.

Flavor Version Tinstall Tcheck Ttotal Status Flags
r-devel-linux-x86_64-debian-clang 0.0.3 100.15 54.61 154.76 NOTE
r-devel-linux-x86_64-debian-gcc 0.0.3 83.99 50.62 134.61 NOTE
r-devel-linux-x86_64-fedora-clang 0.0.3 245.02 NOTE
r-devel-linux-x86_64-fedora-gcc 0.0.3 310.28 NOTE
r-devel-windows-x86_64 0.0.3 107.00 106.00 213.00 NOTE
r-patched-linux-x86_64 NOTE
r-release-linux-x86_64 0.0.3 112.44 61.16 173.60 NOTE
r-release-macos-arm64 0.0.3 97.00 NOTE
r-release-macos-x86_64 0.0.3 169.00 NOTE
r-release-windows-x86_64 0.0.3 104.00 103.00 207.00 NOTE
r-oldrel-macos-arm64 0.0.3 81.00 NOTE
r-oldrel-macos-x86_64 0.0.3 115.00 NOTE
r-oldrel-windows-x86_64 0.0.3 126.00 121.00 247.00 NOTE

Check Details

Version: 0.0.3
Check: C++ specification
Result: NOTE Specified C++11: please drop specification unless essential Flavors: r-devel-linux-x86_64-debian-clang, r-devel-linux-x86_64-debian-gcc, r-devel-linux-x86_64-fedora-clang, r-devel-linux-x86_64-fedora-gcc, r-devel-windows-x86_64, r-patched-linux-x86_64, r-release-linux-x86_64, r-release-macos-arm64, r-release-macos-x86_64, r-release-windows-x86_64, r-oldrel-macos-arm64, r-oldrel-macos-x86_64, r-oldrel-windows-x86_64

Version: 0.0.3
Check: installed package size
Result: NOTE installed size is 50.4Mb sub-directories of 1Mb or more: libs 50.2Mb Flavors: r-oldrel-macos-arm64, r-oldrel-macos-x86_64

These binaries (installable software) and packages are in development.
They may not be fully stable and should be used with caution. We make no claims about them.