Last updated on 2025-10-23 17:50:47 CEST.
Flavor | Version | Tinstall | Tcheck | Ttotal | Status | Flags |
---|---|---|---|---|---|---|
r-devel-linux-x86_64-debian-clang | 1.0.0 | 6.94 | 102.82 | 109.76 | OK | |
r-devel-linux-x86_64-debian-gcc | 1.0.0 | 6.64 | 52.22 | 58.86 | OK | |
r-devel-linux-x86_64-fedora-clang | 1.0.0 | 16.00 | 136.57 | 152.57 | NOTE | |
r-devel-linux-x86_64-fedora-gcc | 1.0.0 | 25.00 | 107.17 | 132.17 | NOTE | |
r-devel-windows-x86_64 | 1.0.0 | 13.00 | 85.00 | 98.00 | OK | |
r-patched-linux-x86_64 | 1.0.0 | 9.02 | 91.51 | 100.53 | OK | |
r-release-linux-x86_64 | 1.0.0 | 7.59 | 90.18 | 97.77 | OK | |
r-release-macos-arm64 | 1.0.0 | 7.00 | 60.00 | 67.00 | OK | |
r-release-macos-x86_64 | 1.0.0 | 13.00 | 113.00 | 126.00 | OK | |
r-release-windows-x86_64 | 1.0.0 | 13.00 | 101.00 | 114.00 | OK | |
r-oldrel-macos-arm64 | 1.0.0 | 6.00 | 61.00 | 67.00 | OK | |
r-oldrel-macos-x86_64 | 1.0.0 | 6.00 | 77.00 | 83.00 | OK | |
r-oldrel-windows-x86_64 | 1.0.0 | 14.00 | 112.00 | 126.00 | OK |
Version: 1.0.0
Check: dependencies in R code
Result: NOTE
Namespaces in Imports field not imported from:
‘MASS’ ‘grDevices’ ‘utils’
All declared Imports should be used.
Flavors: r-devel-linux-x86_64-fedora-clang, r-devel-linux-x86_64-fedora-gcc
These binaries (installable software) and packages are in development.
They may not be fully stable and should be used with caution. We make no claims about them.