Last updated on 2025-10-24 11:50:45 CEST.
| Flavor | Version | Tinstall | Tcheck | Ttotal | Status | Flags |
|---|---|---|---|---|---|---|
| r-devel-linux-x86_64-debian-clang | 1.0.0 | 3.38 | 39.44 | 42.82 | OK | |
| r-devel-linux-x86_64-debian-gcc | 1.0.0 | 2.73 | 28.81 | 31.54 | OK | |
| r-devel-linux-x86_64-fedora-clang | 1.0.0 | 10.00 | 56.55 | 66.55 | OK | |
| r-devel-linux-x86_64-fedora-gcc | 1.0.0 | 64.17 | OK | |||
| r-devel-windows-x86_64 | 1.0.0 | 6.00 | 61.00 | 67.00 | OK | |
| r-patched-linux-x86_64 | 1.0.0 | 5.01 | 36.62 | 41.63 | OK | |
| r-release-linux-x86_64 | 1.0.0 | 3.91 | 37.24 | 41.15 | OK | |
| r-release-macos-arm64 | 1.0.0 | 2.00 | 20.00 | 22.00 | OK | |
| r-release-macos-x86_64 | 1.0.0 | 4.00 | 35.00 | 39.00 | OK | |
| r-release-windows-x86_64 | 1.0.0 | 7.00 | 62.00 | 69.00 | OK | |
| r-oldrel-macos-arm64 | 1.0.0 | 2.00 | 21.00 | 23.00 | NOTE | |
| r-oldrel-macos-x86_64 | 1.0.0 | 3.00 | 29.00 | 32.00 | NOTE | |
| r-oldrel-windows-x86_64 | 1.0.0 | 8.00 | 72.00 | 80.00 | NOTE |
Version: 1.0.0
Check: LazyData
Result: NOTE
'LazyData' is specified without a 'data' directory
Flavors: r-oldrel-macos-arm64, r-oldrel-macos-x86_64, r-oldrel-windows-x86_64
These binaries (installable software) and packages are in development.
They may not be fully stable and should be used with caution. We make no claims about them.