Last updated on 2025-02-16 10:50:45 CET.
Flavor | Version | Tinstall | Tcheck | Ttotal | Status | Flags |
---|---|---|---|---|---|---|
r-devel-linux-x86_64-debian-clang | 1.0.0 | 5.11 | 36.48 | 41.59 | OK | |
r-devel-linux-x86_64-debian-gcc | 1.0.0 | 4.12 | 26.01 | 30.13 | OK | |
r-devel-linux-x86_64-fedora-clang | 1.0.0 | 67.83 | OK | |||
r-devel-linux-x86_64-fedora-gcc | 1.0.0 | 66.25 | OK | |||
r-devel-macos-arm64 | 1.0.0 | 24.00 | OK | |||
r-devel-macos-x86_64 | 1.0.0 | 39.00 | OK | |||
r-devel-windows-x86_64 | 1.0.0 | 8.00 | 63.00 | 71.00 | OK | |
r-patched-linux-x86_64 | 1.0.0 | 5.05 | 33.30 | 38.35 | NOTE | |
r-release-linux-x86_64 | 1.0.0 | 4.70 | 34.14 | 38.84 | NOTE | |
r-release-macos-arm64 | 1.0.0 | 23.00 | NOTE | |||
r-release-macos-x86_64 | 1.0.0 | 32.00 | NOTE | |||
r-release-windows-x86_64 | 1.0.0 | 6.00 | 64.00 | 70.00 | NOTE | |
r-oldrel-macos-arm64 | 1.0.0 | 24.00 | NOTE | |||
r-oldrel-macos-x86_64 | 1.0.0 | 34.00 | NOTE | |||
r-oldrel-windows-x86_64 | 1.0.0 | 8.00 | 94.00 | 102.00 | NOTE |
Version: 1.0.0
Check: LazyData
Result: NOTE
'LazyData' is specified without a 'data' directory
Flavors: r-patched-linux-x86_64, r-release-linux-x86_64, r-release-macos-arm64, r-release-macos-x86_64, r-release-windows-x86_64, r-oldrel-macos-arm64, r-oldrel-macos-x86_64, r-oldrel-windows-x86_64
These binaries (installable software) and packages are in development.
They may not be fully stable and should be used with caution. We make no claims about them.