Last updated on 2025-05-21 17:52:10 CEST.
Flavor | Version | Tinstall | Tcheck | Ttotal | Status | Flags |
---|---|---|---|---|---|---|
r-devel-linux-x86_64-debian-clang | 0.5.1 | 22.74 | 84.71 | 107.45 | NOTE | |
r-devel-linux-x86_64-debian-gcc | 0.5.1 | 15.23 | 62.78 | 78.01 | NOTE | |
r-devel-linux-x86_64-fedora-clang | 0.5.1 | 180.72 | NOTE | |||
r-devel-linux-x86_64-fedora-gcc | 0.5.1 | 160.76 | NOTE | |||
r-devel-windows-x86_64 | 0.5.1 | 29.00 | 127.00 | 156.00 | NOTE | |
r-patched-linux-x86_64 | 0.5.1 | 20.17 | 78.65 | 98.82 | NOTE | |
r-release-linux-x86_64 | 0.5.1 | 19.26 | 78.02 | 97.28 | NOTE | |
r-release-macos-arm64 | 0.5.1 | 58.00 | NOTE | |||
r-release-macos-x86_64 | 0.5.1 | 104.00 | NOTE | |||
r-release-windows-x86_64 | 0.5.1 | 28.00 | 133.00 | 161.00 | NOTE | |
r-oldrel-macos-arm64 | 0.5.1 | 41.00 | NOTE | |||
r-oldrel-macos-x86_64 | 0.5.1 | 62.00 | NOTE | |||
r-oldrel-windows-x86_64 | 0.5.1 | 32.00 | 138.00 | 170.00 | NOTE |
Version: 0.5.1
Check: C++ specification
Result: NOTE
Specified C++11: please drop specification unless essential
Flavors: r-devel-linux-x86_64-debian-clang, r-devel-linux-x86_64-debian-gcc, r-devel-linux-x86_64-fedora-clang, r-devel-linux-x86_64-fedora-gcc, r-devel-windows-x86_64, r-patched-linux-x86_64, r-release-linux-x86_64, r-release-macos-arm64, r-release-macos-x86_64, r-release-windows-x86_64, r-oldrel-macos-arm64, r-oldrel-macos-x86_64, r-oldrel-windows-x86_64
These binaries (installable software) and packages are in development.
They may not be fully stable and should be used with caution. We make no claims about them.