CRAN Package Check Results for Package fastqcr

Last updated on 2025-10-23 11:50:13 CEST.

Flavor Version Tinstall Tcheck Ttotal Status Flags
r-devel-linux-x86_64-debian-clang 0.1.3 6.67 72.09 78.76 NOTE
r-devel-linux-x86_64-debian-gcc 0.1.3 5.25 51.85 57.10 OK
r-devel-linux-x86_64-fedora-clang 0.1.3 18.00 106.16 124.16 OK
r-devel-linux-x86_64-fedora-gcc 0.1.3 14.00 97.48 111.48 OK
r-devel-windows-x86_64 0.1.3 9.00 83.00 92.00 OK
r-patched-linux-x86_64 0.1.3 5.91 64.94 70.85 OK
r-release-linux-x86_64 0.1.3 6.91 66.34 73.25 OK
r-release-macos-arm64 0.1.3 2.00 27.00 29.00 OK
r-release-macos-x86_64 0.1.3 5.00 52.00 57.00 OK
r-release-windows-x86_64 0.1.3 10.00 83.00 93.00 OK
r-oldrel-macos-arm64 0.1.3 2.00 26.00 28.00 OK
r-oldrel-macos-x86_64 0.1.3 4.00 40.00 44.00 OK
r-oldrel-windows-x86_64 0.1.3 11.00 102.00 113.00 OK

Check Details

Version: 0.1.3
Check: HTML version of manual
Result: NOTE Found the following HTML validation problems: fastqc_install.html:52:1 (fastqc_install.Rd:14): Warning: missing </ul> before </div> Flavor: r-devel-linux-x86_64-debian-clang

These binaries (installable software) and packages are in development.
They may not be fully stable and should be used with caution. We make no claims about them.