CRAN Package Check Results for Package fastrep

Last updated on 2025-05-23 05:52:27 CEST.

Flavor Version Tinstall Tcheck Ttotal Status Flags
r-devel-linux-x86_64-debian-clang 0.7 4.31 44.72 49.03 OK
r-devel-linux-x86_64-debian-gcc 0.7 3.43 32.70 36.13 OK
r-devel-linux-x86_64-fedora-clang 0.7 77.79 NOTE
r-devel-linux-x86_64-fedora-gcc 0.7 86.46 NOTE
r-devel-windows-x86_64 0.7 9.00 67.00 76.00 OK
r-patched-linux-x86_64 0.7 3.30 42.04 45.34 OK
r-release-linux-x86_64 0.7 4.10 41.42 45.52 OK
r-release-macos-arm64 0.7 31.00 OK
r-release-macos-x86_64 0.7 61.00 OK
r-release-windows-x86_64 0.7 6.00 72.00 78.00 OK
r-oldrel-macos-arm64 0.7 30.00 OK
r-oldrel-macos-x86_64 0.7 48.00 OK
r-oldrel-windows-x86_64 0.7 7.00 74.00 81.00 OK

Check Details

Version: 0.7
Check: dependencies in R code
Result: NOTE Namespace in Imports field not imported from: ‘ggplot2’ All declared Imports should be used. Flavors: r-devel-linux-x86_64-fedora-clang, r-devel-linux-x86_64-fedora-gcc

These binaries (installable software) and packages are in development.
They may not be fully stable and should be used with caution. We make no claims about them.