CRAN Package Check Results for Package fastrmodels

Last updated on 2025-10-03 13:49:33 CEST.

Flavor Version Tinstall Tcheck Ttotal Status Flags
r-devel-linux-x86_64-debian-clang 2.0.0 40.95 56.96 97.91 OK
r-devel-linux-x86_64-debian-gcc 2.0.0 37.70 43.29 80.99 OK
r-devel-linux-x86_64-fedora-clang 2.0.0 149.81 OK
r-devel-linux-x86_64-fedora-gcc 2.0.0 143.96 OK
r-devel-windows-x86_64 2.0.0 47.00 66.00 113.00 OK
r-patched-linux-x86_64 2.0.0 46.67 53.10 99.77 OK
r-release-linux-x86_64 2.0.0 40.97 53.38 94.35 OK
r-release-macos-arm64 2.0.0 65.00 OK
r-release-macos-x86_64 2.0.0 258.00 OK
r-release-windows-x86_64 2.0.0 47.00 66.00 113.00 OK
r-oldrel-macos-arm64 2.0.0 63.00 NOTE
r-oldrel-macos-x86_64 2.0.0 116.00 NOTE
r-oldrel-windows-x86_64 2.0.0 59.00 79.00 138.00 NOTE

Check Details

Version: 2.0.0
Check: installed package size
Result: NOTE installed size is 16.8Mb sub-directories of 1Mb or more: data 16.7Mb Flavors: r-oldrel-macos-arm64, r-oldrel-macos-x86_64, r-oldrel-windows-x86_64

These binaries (installable software) and packages are in development.
They may not be fully stable and should be used with caution. We make no claims about them.