Last updated on 2025-02-19 06:50:45 CET.
Flavor | Version | Tinstall | Tcheck | Ttotal | Status | Flags |
---|---|---|---|---|---|---|
r-devel-linux-x86_64-debian-clang | 1.0.2 | 42.86 | 57.48 | 100.34 | OK | |
r-devel-linux-x86_64-debian-gcc | 1.0.2 | 39.77 | 42.59 | 82.36 | OK | |
r-devel-linux-x86_64-fedora-clang | 1.0.2 | 166.09 | OK | |||
r-devel-linux-x86_64-fedora-gcc | 1.0.2 | 162.24 | OK | |||
r-devel-macos-arm64 | 1.0.2 | 67.00 | OK | |||
r-devel-macos-x86_64 | 1.0.2 | 119.00 | OK | |||
r-devel-windows-x86_64 | 1.0.2 | 48.00 | 68.00 | 116.00 | OK | |
r-patched-linux-x86_64 | 1.0.2 | 44.75 | 53.27 | 98.02 | OK | |
r-release-linux-x86_64 | 1.0.2 | 44.23 | 53.95 | 98.18 | OK | |
r-release-macos-arm64 | 1.0.2 | 66.00 | NOTE | |||
r-release-macos-x86_64 | 1.0.2 | 85.00 | NOTE | |||
r-release-windows-x86_64 | 1.0.2 | 46.00 | 68.00 | 114.00 | NOTE | |
r-oldrel-macos-arm64 | 1.0.2 | 79.00 | NOTE | |||
r-oldrel-macos-x86_64 | 1.0.2 | 106.00 | NOTE | |||
r-oldrel-windows-x86_64 | 1.0.2 | 59.00 | 85.00 | 144.00 | NOTE |
Version: 1.0.2
Check: installed package size
Result: NOTE
installed size is 15.8Mb
sub-directories of 1Mb or more:
data 15.7Mb
Flavors: r-release-macos-arm64, r-release-macos-x86_64, r-release-windows-x86_64, r-oldrel-macos-arm64, r-oldrel-macos-x86_64, r-oldrel-windows-x86_64
These binaries (installable software) and packages are in development.
They may not be fully stable and should be used with caution. We make no claims about them.