Last updated on 2025-07-02 01:51:36 CEST.
Flavor | Version | Tinstall | Tcheck | Ttotal | Status | Flags |
---|---|---|---|---|---|---|
r-devel-linux-x86_64-debian-clang | 0.3.4 | 3.10 | 31.85 | 34.95 | OK | |
r-devel-linux-x86_64-debian-gcc | 0.3.4 | 2.41 | 24.73 | 27.14 | OK | |
r-devel-linux-x86_64-fedora-clang | 0.3.4 | 57.09 | NOTE | |||
r-devel-linux-x86_64-fedora-gcc | 0.3.4 | 62.73 | NOTE | |||
r-devel-windows-x86_64 | 0.3.4 | 4.00 | 53.00 | 57.00 | OK | |
r-patched-linux-x86_64 | OK | |||||
r-release-linux-x86_64 | 0.3.4 | 3.02 | 27.94 | 30.96 | OK | |
r-release-macos-arm64 | 0.3.4 | 39.00 | OK | |||
r-release-macos-x86_64 | 0.3.4 | 51.00 | OK | |||
r-release-windows-x86_64 | 0.3.4 | 5.00 | 52.00 | 57.00 | OK | |
r-oldrel-macos-arm64 | 0.3.4 | 48.00 | OK | |||
r-oldrel-macos-x86_64 | 0.3.4 | 69.00 | OK | |||
r-oldrel-windows-x86_64 | 0.3.4 | 5.00 | 57.00 | 62.00 | OK |
Version: 0.3.4
Check: dependencies in R code
Result: NOTE
Namespaces in Imports field not imported from:
‘collapse’ ‘data.table’ ‘kit’ ‘magrittr’
All declared Imports should be used.
Flavors: r-devel-linux-x86_64-fedora-clang, r-devel-linux-x86_64-fedora-gcc
These binaries (installable software) and packages are in development.
They may not be fully stable and should be used with caution. We make no claims about them.