CRAN Package Check Results for Package faux

Last updated on 2025-05-01 12:49:27 CEST.

Flavor Version Tinstall Tcheck Ttotal Status Flags
r-devel-linux-x86_64-debian-clang 1.2.2 13.00 160.15 173.15 NOTE
r-devel-linux-x86_64-debian-gcc 1.2.2 7.21 107.36 114.57 OK
r-devel-linux-x86_64-fedora-clang 1.2.2 261.12 OK
r-devel-linux-x86_64-fedora-gcc 1.2.2 264.95 OK
r-devel-windows-x86_64 1.2.2 21.00 190.00 211.00 OK
r-patched-linux-x86_64 1.2.2 12.92 154.86 167.78 OK
r-release-linux-x86_64 OK
r-release-macos-arm64 1.2.2 99.00 OK
r-release-macos-x86_64 1.2.2 203.00 OK
r-release-windows-x86_64 1.2.2 22.00 193.00 215.00 OK
r-oldrel-macos-arm64 1.2.2 85.00 OK
r-oldrel-macos-x86_64 1.2.2 191.00 OK
r-oldrel-windows-x86_64 1.2.2 27.00 245.00 272.00 OK

Check Details

Version: 1.2.2
Check: examples
Result: NOTE Examples with CPU (user + system) or elapsed time > 5s user system elapsed norm2likert 19.439 0.116 26.918 Flavor: r-devel-linux-x86_64-debian-clang

Version: 1.2.2
Check: examples
Result: NA user system elapsed norm2likert 9.712 0.213 12.837 OK Flavor: r-devel-linux-x86_64-debian-gcc

These binaries (installable software) and packages are in development.
They may not be fully stable and should be used with caution. We make no claims about them.