Last updated on 2025-02-19 18:51:04 CET.
Flavor | Version | Tinstall | Tcheck | Ttotal | Status | Flags |
---|---|---|---|---|---|---|
r-devel-linux-x86_64-debian-clang | 0.5.2 | 57.64 | 44.58 | 102.22 | NOTE | |
r-devel-linux-x86_64-debian-gcc | 0.5.2 | 35.42 | 32.63 | 68.05 | NOTE | |
r-devel-linux-x86_64-fedora-clang | 0.5.2 | 180.82 | NOTE | |||
r-devel-linux-x86_64-fedora-gcc | 0.5.2 | 177.61 | NOTE | |||
r-devel-macos-arm64 | 0.5.2 | 49.00 | NOTE | |||
r-devel-macos-x86_64 | 0.5.2 | 118.00 | NOTE | |||
r-devel-windows-x86_64 | 0.5.2 | 47.00 | 64.00 | 111.00 | NOTE | |
r-patched-linux-x86_64 | 0.5.2 | 53.73 | 42.95 | 96.68 | NOTE | |
r-release-linux-x86_64 | 0.5.2 | 54.87 | 42.78 | 97.65 | NOTE | |
r-release-macos-arm64 | 0.5.2 | 51.00 | NOTE | |||
r-release-macos-x86_64 | 0.5.2 | 76.00 | NOTE | |||
r-release-windows-x86_64 | 0.5.2 | 47.00 | 64.00 | 111.00 | NOTE | |
r-oldrel-macos-arm64 | 0.5.2 | 48.00 | OK | |||
r-oldrel-macos-x86_64 | 0.5.2 | 143.00 | OK | |||
r-oldrel-windows-x86_64 | 0.5.2 | 59.00 | 70.00 | 129.00 | OK |
Version: 0.5.2
Check: Rd files
Result: NOTE
checkRd: (-1) Error-Classes.Rd:107-119: Lost braces
107 | \item \code{do_verbose(response, template)} {
| ^
checkRd: (-1) Error.Rd:33-45: Lost braces
33 | \item \code{do(response, mssg)} {
| ^
Flavors: r-devel-linux-x86_64-debian-clang, r-devel-linux-x86_64-debian-gcc, r-devel-linux-x86_64-fedora-clang, r-devel-linux-x86_64-fedora-gcc, r-devel-macos-arm64, r-devel-macos-x86_64, r-devel-windows-x86_64, r-patched-linux-x86_64, r-release-linux-x86_64, r-release-macos-arm64, r-release-macos-x86_64, r-release-windows-x86_64
These binaries (installable software) and packages are in development.
They may not be fully stable and should be used with caution. We make no claims about them.