Last updated on 2025-10-23 11:50:13 CEST.
Flavor | Version | Tinstall | Tcheck | Ttotal | Status | Flags |
---|---|---|---|---|---|---|
r-devel-linux-x86_64-debian-clang | 17.0.0 | 5.36 | 46.21 | 51.57 | NOTE | |
r-devel-linux-x86_64-debian-gcc | 17.0.0 | 3.19 | 33.38 | 36.57 | NOTE | |
r-devel-linux-x86_64-fedora-clang | 17.0.0 | 17.00 | 59.92 | 76.92 | NOTE | |
r-devel-linux-x86_64-fedora-gcc | 17.0.0 | 11.00 | 58.67 | 69.67 | NOTE | |
r-devel-windows-x86_64 | 17.0.0 | 6.00 | 63.00 | 69.00 | NOTE | |
r-patched-linux-x86_64 | 17.0.0 | 5.32 | 41.57 | 46.89 | NOTE | |
r-release-linux-x86_64 | 17.0.0 | 4.99 | 42.33 | 47.32 | NOTE | |
r-release-macos-arm64 | 17.0.0 | 3.00 | 23.00 | 26.00 | NOTE | |
r-release-macos-x86_64 | 17.0.0 | 4.00 | 51.00 | 55.00 | NOTE | |
r-release-windows-x86_64 | 17.0.0 | 7.00 | 66.00 | 73.00 | NOTE | |
r-oldrel-macos-arm64 | 17.0.0 | 3.00 | 21.00 | 24.00 | NOTE | |
r-oldrel-macos-x86_64 | 17.0.0 | 4.00 | 35.00 | 39.00 | NOTE | |
r-oldrel-windows-x86_64 | 17.0.0 | 9.00 | 80.00 | 89.00 | NOTE |
Version: 17.0.0
Check: Rd files
Result: NOTE
checkRd: (-1) fbad_copy_ad.Rd:25: Lost braces; missing escapes or markup?
25 | \item{status_option}{(string) enum {ACTIVE, PAUSED, INHERITED_FROM_SOURCE}}
| ^
checkRd: (-1) fbad_copy_ad.Rd:27: Lost braces; missing escapes or markup?
27 | \item{rename_strategy}{(string) enum {DEEP_RENAME, ONLY_TOP_LEVEL_RENAME, NO_RENAME}}
| ^
checkRd: (-1) fbad_copy_adset.Rd:34: Lost braces; missing escapes or markup?
34 | \item{status_option}{(string) enum {ACTIVE, PAUSED, INHERITED_FROM_SOURCE}}
| ^
checkRd: (-1) fbad_copy_adset.Rd:36: Lost braces; missing escapes or markup?
36 | \item{rename_strategy}{(string) enum {DEEP_RENAME, ONLY_TOP_LEVEL_RENAME, NO_RENAME}}
| ^
checkRd: (-1) fbad_copy_campaign.Rd:31: Lost braces; missing escapes or markup?
31 | \item{status_option}{(string) enum {ACTIVE, PAUSED, INHERITED_FROM_SOURCE}}
| ^
checkRd: (-1) fbad_copy_campaign.Rd:33: Lost braces; missing escapes or markup?
33 | \item{rename_strategy}{(string) enum {DEEP_RENAME, ONLY_TOP_LEVEL_RENAME, NO_RENAME}}
| ^
Flavors: r-devel-linux-x86_64-debian-clang, r-devel-linux-x86_64-debian-gcc, r-devel-linux-x86_64-fedora-clang, r-devel-linux-x86_64-fedora-gcc, r-devel-windows-x86_64, r-patched-linux-x86_64, r-release-linux-x86_64, r-release-macos-arm64, r-release-macos-x86_64, r-release-windows-x86_64, r-oldrel-macos-arm64, r-oldrel-macos-x86_64, r-oldrel-windows-x86_64
Version: 17.0.0
Check: HTML version of manual
Result: NOTE
Found the following HTML validation problems:
fbad_assign_users_to_account.html:63:1 (fbad_assign_users_to_account.Rd:21): Warning: missing </ul> before </div>
fbad_get_adaccounts.html:62:1 (fbad_get_adaccounts.Rd:18): Warning: missing </ul> before </div>
fbad_get_client_ad_accounts.html:68:1 (fbad_get_client_ad_accounts.Rd:24): Warning: missing </ul> before </div>
fbad_get_client_pages.html:62:1 (fbad_get_client_pages.Rd:18): Warning: missing </ul> before </div>
fbad_get_owned_pages.html:62:1 (fbad_get_owned_pages.Rd:18): Warning: missing </ul> before </div>
fbad_request_next_page.html:46:1 (fbad_request_next_page.Rd:10): Warning: missing </ul> before </div>
is.FB_Ad_Account.html:46:1 (is.FB_Ad_Account.Rd:10): Warning: missing </ul> before </div>
print.FB_Ad_Account.html:51:1 (print.FB_Ad_Account.Rd:12): Warning: missing </ul> before </div>
Flavor: r-devel-linux-x86_64-debian-clang
These binaries (installable software) and packages are in development.
They may not be fully stable and should be used with caution. We make no claims about them.