Last updated on 2025-02-19 16:50:48 CET.
Flavor | Version | Tinstall | Tcheck | Ttotal | Status | Flags |
---|---|---|---|---|---|---|
r-devel-linux-x86_64-debian-clang | 1.5.0 | 1.91 | 49.06 | 50.97 | OK | |
r-devel-linux-x86_64-debian-gcc | 1.5.0 | 1.42 | 31.02 | 32.44 | OK | |
r-devel-linux-x86_64-fedora-clang | 1.5.0 | 84.92 | NOTE | |||
r-devel-linux-x86_64-fedora-gcc | 1.5.0 | 80.33 | NOTE | |||
r-devel-macos-arm64 | 1.5.0 | 24.00 | OK | |||
r-devel-macos-x86_64 | 1.5.0 | 54.00 | OK | |||
r-devel-windows-x86_64 | 1.5.0 | 3.00 | 64.00 | 67.00 | OK | |
r-patched-linux-x86_64 | 1.5.0 | 2.03 | 46.83 | 48.86 | OK | |
r-release-linux-x86_64 | 1.5.0 | 1.89 | 47.02 | 48.91 | OK | |
r-release-macos-arm64 | 1.5.0 | 26.00 | OK | |||
r-release-macos-x86_64 | 1.5.0 | 47.00 | OK | |||
r-release-windows-x86_64 | 1.5.0 | 3.00 | 66.00 | 69.00 | OK | |
r-oldrel-macos-arm64 | 1.5.0 | 28.00 | OK | |||
r-oldrel-macos-x86_64 | 1.5.0 | 48.00 | OK | |||
r-oldrel-windows-x86_64 | 1.5.0 | 3.00 | 76.00 | 79.00 | OK |
Version: 1.5.0
Check: dependencies in R code
Result: NOTE
Namespace in Imports field not imported from: ‘agridat’
All declared Imports should be used.
Flavors: r-devel-linux-x86_64-fedora-clang, r-devel-linux-x86_64-fedora-gcc
These binaries (installable software) and packages are in development.
They may not be fully stable and should be used with caution. We make no claims about them.