CRAN Package Check Results for Package fbglm

Last updated on 2025-10-03 01:49:45 CEST.

Flavor Version Tinstall Tcheck Ttotal Status Flags
r-devel-linux-x86_64-debian-clang 1.5.0 2.09 54.07 56.16 OK
r-devel-linux-x86_64-debian-gcc 1.5.0 1.29 33.48 34.77 OK
r-devel-linux-x86_64-fedora-clang 1.5.0 80.26 NOTE
r-devel-linux-x86_64-fedora-gcc 1.5.0 81.49 NOTE
r-devel-windows-x86_64 1.5.0 3.00 63.00 66.00 OK
r-patched-linux-x86_64 1.5.0 1.71 51.17 52.88 OK
r-release-linux-x86_64 1.5.0 1.95 48.62 50.57 OK
r-release-macos-arm64 1.5.0 26.00 OK
r-release-macos-x86_64 1.5.0 53.00 OK
r-release-windows-x86_64 1.5.0 3.00 63.00 66.00 OK
r-oldrel-macos-arm64 1.5.0 26.00 OK
r-oldrel-macos-x86_64 1.5.0 47.00 OK
r-oldrel-windows-x86_64 1.5.0 4.00 78.00 82.00 OK

Check Details

Version: 1.5.0
Check: dependencies in R code
Result: NOTE Namespace in Imports field not imported from: ‘agridat’ All declared Imports should be used. Flavors: r-devel-linux-x86_64-fedora-clang, r-devel-linux-x86_64-fedora-gcc

These binaries (installable software) and packages are in development.
They may not be fully stable and should be used with caution. We make no claims about them.