Last updated on 2024-07-27 15:50:17 CEST.
Flavor | Version | Tinstall | Tcheck | Ttotal | Status | Flags |
---|---|---|---|---|---|---|
r-devel-linux-x86_64-debian-clang | 1.0.3 | 12.17 | 93.86 | 106.03 | OK | |
r-devel-linux-x86_64-debian-gcc | 1.0.3 | OK | ||||
r-devel-linux-x86_64-fedora-clang | 1.0.3 | 138.56 | NOTE | |||
r-devel-linux-x86_64-fedora-gcc | 1.0.3 | 127.51 | NOTE | |||
r-devel-windows-x86_64 | 1.0.3 | 12.00 | 84.00 | 96.00 | OK | |
r-patched-linux-x86_64 | 1.0.3 | OK | ||||
r-release-linux-x86_64 | 1.0.3 | 8.95 | 88.64 | 97.59 | OK | |
r-release-macos-arm64 | 1.0.3 | 33.00 | OK | |||
r-release-macos-x86_64 | 1.0.3 | 56.00 | OK | |||
r-release-windows-x86_64 | 1.0.3 | 12.00 | 83.00 | 95.00 | OK | |
r-oldrel-macos-arm64 | 1.0.3 | 39.00 | OK | |||
r-oldrel-macos-x86_64 | 1.0.3 | 98.00 | OK | |||
r-oldrel-windows-x86_64 | 1.0.3 | 14.00 | 98.00 | 112.00 | OK |
Version: 1.0.3
Check: dependencies in R code
Result: NOTE
Namespaces in Imports field not imported from:
‘assertthat’ ‘utils’
All declared Imports should be used.
Flavors: r-devel-linux-x86_64-fedora-clang, r-devel-linux-x86_64-fedora-gcc
These binaries (installable software) and packages are in development.
They may not be fully stable and should be used with caution. We make no claims about them.