Last updated on 2025-11-16 03:49:56 CET.
| Flavor | Version | Tinstall | Tcheck | Ttotal | Status | Flags |
|---|---|---|---|---|---|---|
| r-devel-linux-x86_64-debian-clang | 0.4.1 | 45.02 | 73.86 | 118.88 | NOTE | |
| r-devel-linux-x86_64-debian-gcc | 0.4.1 | 32.25 | 50.82 | 83.07 | NOTE | |
| r-devel-linux-x86_64-fedora-clang | 0.4.1 | 135.00 | 74.82 | 209.82 | NOTE | |
| r-devel-linux-x86_64-fedora-gcc | 0.4.1 | 86.00 | 108.24 | 194.24 | NOTE | |
| r-devel-windows-x86_64 | 0.4.1 | 67.00 | 103.00 | 170.00 | NOTE | |
| r-patched-linux-x86_64 | 0.4.1 | 44.89 | 68.75 | 113.64 | NOTE | |
| r-release-linux-x86_64 | 0.4.1 | 48.09 | 68.99 | 117.08 | NOTE | |
| r-release-macos-arm64 | 0.4.1 | 18.00 | 35.00 | 53.00 | NOTE | |
| r-release-macos-x86_64 | 0.4.1 | 17.00 | 63.00 | 80.00 | NOTE | |
| r-release-windows-x86_64 | 0.4.1 | 59.00 | 105.00 | 164.00 | NOTE | |
| r-oldrel-macos-arm64 | 0.4.1 | 20.00 | 26.00 | 46.00 | NOTE | |
| r-oldrel-macos-x86_64 | 0.4.1 | 18.00 | 46.00 | 64.00 | NOTE | |
| r-oldrel-windows-x86_64 | 0.4.1 | 71.00 | 127.00 | 198.00 | NOTE |
Version: 0.4.1
Check: Rd files
Result: NOTE
checkRd: (-1) plot.fbroc.conf.Rd:5: Lost braces
5 | \title{Plots function for object of class{fbroc.conf}}
| ^
Flavors: r-devel-linux-x86_64-debian-clang, r-devel-linux-x86_64-debian-gcc, r-devel-linux-x86_64-fedora-clang, r-devel-linux-x86_64-fedora-gcc, r-devel-windows-x86_64, r-patched-linux-x86_64, r-release-linux-x86_64, r-release-macos-arm64, r-release-macos-x86_64, r-release-windows-x86_64, r-oldrel-macos-arm64, r-oldrel-macos-x86_64, r-oldrel-windows-x86_64
These binaries (installable software) and packages are in development.
They may not be fully stable and should be used with caution. We make no claims about them.