Last updated on 2025-07-21 19:49:43 CEST.
Flavor | Version | Tinstall | Tcheck | Ttotal | Status | Flags |
---|---|---|---|---|---|---|
r-devel-linux-x86_64-debian-clang | 0.4.1 | 43.39 | 60.13 | 103.52 | NOTE | |
r-devel-linux-x86_64-debian-gcc | 0.4.1 | 33.67 | 42.79 | 76.46 | NOTE | |
r-devel-linux-x86_64-fedora-clang | 0.4.1 | 186.84 | NOTE | |||
r-devel-linux-x86_64-fedora-gcc | 0.4.1 | 179.14 | NOTE | |||
r-devel-windows-x86_64 | 0.4.1 | 57.00 | 96.00 | 153.00 | NOTE | |
r-patched-linux-x86_64 | 0.4.1 | 47.23 | 56.12 | 103.35 | NOTE | |
r-release-linux-x86_64 | 0.4.1 | 47.44 | 57.10 | 104.54 | NOTE | |
r-release-macos-arm64 | 0.4.1 | 53.00 | NOTE | |||
r-release-macos-x86_64 | 0.4.1 | 80.00 | NOTE | |||
r-release-windows-x86_64 | 0.4.1 | 57.00 | 99.00 | 156.00 | NOTE | |
r-oldrel-macos-arm64 | 0.4.1 | 46.00 | NOTE | |||
r-oldrel-macos-x86_64 | 0.4.1 | 64.00 | NOTE | |||
r-oldrel-windows-x86_64 | 0.4.1 | 66.00 | 121.00 | 187.00 | NOTE |
Version: 0.4.1
Check: Rd files
Result: NOTE
checkRd: (-1) plot.fbroc.conf.Rd:5: Lost braces
5 | \title{Plots function for object of class{fbroc.conf}}
| ^
Flavors: r-devel-linux-x86_64-debian-clang, r-devel-linux-x86_64-debian-gcc, r-devel-linux-x86_64-fedora-clang, r-devel-linux-x86_64-fedora-gcc, r-devel-windows-x86_64, r-patched-linux-x86_64, r-release-linux-x86_64, r-release-macos-arm64, r-release-macos-x86_64, r-release-windows-x86_64, r-oldrel-macos-arm64, r-oldrel-macos-x86_64, r-oldrel-windows-x86_64
These binaries (installable software) and packages are in development.
They may not be fully stable and should be used with caution. We make no claims about them.