Last updated on 2025-11-14 21:49:59 CET.
| Flavor | Version | Tinstall | Tcheck | Ttotal | Status | Flags |
|---|---|---|---|---|---|---|
| r-devel-linux-x86_64-debian-clang | 0.1.0 | 1.74 | 19.33 | 21.07 | OK | |
| r-devel-linux-x86_64-debian-gcc | 0.1.0 | 1.40 | 16.45 | 17.85 | OK | |
| r-devel-linux-x86_64-fedora-clang | 0.1.0 | 31.26 | OK | |||
| r-devel-linux-x86_64-fedora-gcc | 0.1.0 | 29.69 | OK | |||
| r-devel-windows-x86_64 | 0.1.0 | 5.00 | 37.00 | 42.00 | OK | |
| r-patched-linux-x86_64 | 0.1.0 | 1.57 | 18.41 | 19.98 | OK | |
| r-release-linux-x86_64 | 0.1.0 | 1.80 | 18.41 | 20.21 | OK | |
| r-release-macos-arm64 | 0.1.0 | 1.00 | 13.00 | 14.00 | OK | |
| r-release-macos-x86_64 | 0.1.0 | 2.00 | 26.00 | 28.00 | OK | |
| r-release-windows-x86_64 | 0.1.0 | 3.00 | 37.00 | 40.00 | OK | |
| r-oldrel-macos-arm64 | 0.1.0 | 1.00 | 13.00 | 14.00 | NOTE | |
| r-oldrel-macos-x86_64 | 0.1.0 | 2.00 | 22.00 | 24.00 | NOTE | |
| r-oldrel-windows-x86_64 | 0.1.0 | 3.00 | 42.00 | 45.00 | NOTE |
Version: 0.1.0
Check: LazyData
Result: NOTE
'LazyData' is specified without a 'data' directory
Flavors: r-oldrel-macos-arm64, r-oldrel-macos-x86_64, r-oldrel-windows-x86_64
These binaries (installable software) and packages are in development.
They may not be fully stable and should be used with caution. We make no claims about them.