Last updated on 2025-10-23 11:50:13 CEST.
Flavor | Version | Tinstall | Tcheck | Ttotal | Status | Flags |
---|---|---|---|---|---|---|
r-devel-linux-x86_64-debian-clang | 1.0.1 | 12.12 | 79.57 | 91.69 | NOTE | |
r-devel-linux-x86_64-debian-gcc | 1.0.1 | 8.47 | 61.55 | 70.02 | NOTE | |
r-devel-linux-x86_64-fedora-clang | 1.0.1 | 33.00 | 150.23 | 183.23 | NOTE | |
r-devel-linux-x86_64-fedora-gcc | 1.0.1 | 25.00 | 114.17 | 139.17 | NOTE | |
r-devel-windows-x86_64 | 1.0.1 | 16.00 | 136.00 | 152.00 | NOTE | |
r-patched-linux-x86_64 | 1.0.1 | 11.77 | 78.70 | 90.47 | NOTE | |
r-release-linux-x86_64 | 1.0.1 | 12.67 | 53.02 | 65.69 | NOTE | |
r-release-macos-arm64 | 1.0.1 | 6.00 | 64.00 | 70.00 | NOTE | |
r-release-macos-x86_64 | 1.0.1 | 11.00 | 115.00 | 126.00 | NOTE | |
r-release-windows-x86_64 | 1.0.1 | 16.00 | 194.00 | 210.00 | NOTE | |
r-oldrel-macos-arm64 | 1.0.1 | 6.00 | 62.00 | 68.00 | NOTE | |
r-oldrel-macos-x86_64 | 1.0.1 | 11.00 | 113.00 | 124.00 | NOTE | |
r-oldrel-windows-x86_64 | 1.0.1 | 17.00 | 167.00 | 184.00 | NOTE |
Version: 1.0.1
Check: C++ specification
Result: NOTE
Specified C++11: please drop specification unless essential
Flavors: r-devel-linux-x86_64-debian-clang, r-devel-linux-x86_64-debian-gcc, r-devel-linux-x86_64-fedora-clang, r-devel-linux-x86_64-fedora-gcc, r-devel-windows-x86_64, r-patched-linux-x86_64, r-release-linux-x86_64, r-release-macos-arm64, r-release-macos-x86_64, r-release-windows-x86_64, r-oldrel-macos-arm64, r-oldrel-macos-x86_64, r-oldrel-windows-x86_64
These binaries (installable software) and packages are in development.
They may not be fully stable and should be used with caution. We make no claims about them.