Last updated on 2025-05-21 21:49:16 CEST.
Flavor | Version | Tinstall | Tcheck | Ttotal | Status | Flags |
---|---|---|---|---|---|---|
r-devel-linux-x86_64-debian-clang | 1.0.1 | 13.46 | 96.60 | 110.06 | NOTE | |
r-devel-linux-x86_64-debian-gcc | 1.0.1 | 8.71 | 55.38 | 64.09 | NOTE | |
r-devel-linux-x86_64-fedora-clang | 1.0.1 | 145.06 | NOTE | |||
r-devel-linux-x86_64-fedora-gcc | 1.0.1 | 104.82 | NOTE | |||
r-devel-windows-x86_64 | 1.0.1 | 16.00 | 198.00 | 214.00 | NOTE | |
r-patched-linux-x86_64 | 1.0.1 | 12.46 | 70.76 | 83.22 | NOTE | |
r-release-linux-x86_64 | 1.0.1 | 12.63 | 71.11 | 83.74 | NOTE | |
r-release-macos-arm64 | 1.0.1 | 70.00 | NOTE | |||
r-release-macos-x86_64 | 1.0.1 | 126.00 | NOTE | |||
r-release-windows-x86_64 | 1.0.1 | 16.00 | 186.00 | 202.00 | NOTE | |
r-oldrel-macos-arm64 | 1.0.1 | 68.00 | NOTE | |||
r-oldrel-macos-x86_64 | 1.0.1 | 124.00 | NOTE | |||
r-oldrel-windows-x86_64 | 1.0.1 | 16.00 | 158.00 | 174.00 | NOTE |
Version: 1.0.1
Check: C++ specification
Result: NOTE
Specified C++11: please drop specification unless essential
Flavors: r-devel-linux-x86_64-debian-clang, r-devel-linux-x86_64-debian-gcc, r-devel-linux-x86_64-fedora-clang, r-devel-linux-x86_64-fedora-gcc, r-devel-windows-x86_64, r-patched-linux-x86_64, r-release-linux-x86_64, r-release-macos-arm64, r-release-macos-x86_64, r-release-windows-x86_64, r-oldrel-macos-arm64, r-oldrel-macos-x86_64, r-oldrel-windows-x86_64
These binaries (installable software) and packages are in development.
They may not be fully stable and should be used with caution. We make no claims about them.