Last updated on 2025-05-01 08:52:32 CEST.
Flavor | Version | Tinstall | Tcheck | Ttotal | Status | Flags |
---|---|---|---|---|---|---|
r-devel-linux-x86_64-debian-clang | 0.1.0 | 139.09 | 132.89 | 271.98 | NOTE | |
r-devel-linux-x86_64-debian-gcc | 0.1.0 | 123.64 | 99.54 | 223.18 | OK | |
r-devel-linux-x86_64-fedora-clang | 0.1.0 | 404.25 | NOTE | |||
r-devel-linux-x86_64-fedora-gcc | 0.1.0 | 494.09 | NOTE | |||
r-devel-windows-x86_64 | 0.1.0 | 152.00 | 159.00 | 311.00 | OK | |
r-patched-linux-x86_64 | 0.1.0 | 162.82 | 139.75 | 302.57 | OK | |
r-release-linux-x86_64 | OK | |||||
r-release-macos-arm64 | 0.1.0 | 111.00 | OK | |||
r-release-macos-x86_64 | 0.1.0 | 259.00 | OK | |||
r-release-windows-x86_64 | 0.1.0 | 153.00 | 163.00 | 316.00 | OK | |
r-oldrel-macos-arm64 | 0.1.0 | 65.00 | NOTE | |||
r-oldrel-macos-x86_64 | 0.1.0 | 121.00 | NOTE | |||
r-oldrel-windows-x86_64 | 0.1.0 | 163.00 | 193.00 | 356.00 | NOTE |
Version: 0.1.0
Check: examples
Result: NOTE
Examples with CPU (user + system) or elapsed time > 5s
user system elapsed
information 14.116 0.046 17.334
Flavor: r-devel-linux-x86_64-debian-clang
Version: 0.1.0
Check: examples
Result: NA
user system elapsed
information 7.545 0.106 9.617
OK
Flavor: r-devel-linux-x86_64-debian-gcc
Version: 0.1.0
Check: dependencies in R code
Result: NOTE
Namespaces in Imports field not imported from:
‘RcppParallel’ ‘rstantools’
All declared Imports should be used.
Flavors: r-devel-linux-x86_64-fedora-clang, r-devel-linux-x86_64-fedora-gcc
Version: 0.1.0
Check: installed package size
Result: NOTE
installed size is 48.2Mb
sub-directories of 1Mb or more:
libs 47.8Mb
Flavors: r-oldrel-macos-arm64, r-oldrel-macos-x86_64
Version: 0.1.0
Check: for GNU extensions in Makefiles
Result: NOTE
GNU make is a SystemRequirements.
Flavors: r-oldrel-macos-arm64, r-oldrel-macos-x86_64, r-oldrel-windows-x86_64
These binaries (installable software) and packages are in development.
They may not be fully stable and should be used with caution. We make no claims about them.