CRAN Package Check Results for Package fcros

Last updated on 2025-02-16 10:50:45 CET.

Flavor Version Tinstall Tcheck Ttotal Status Flags
r-devel-linux-x86_64-debian-clang 1.6.1 4.37 49.35 53.72 NOTE
r-devel-linux-x86_64-debian-gcc 1.6.1 3.32 34.67 37.99 NOTE
r-devel-linux-x86_64-fedora-clang 1.6.1 83.55 NOTE
r-devel-linux-x86_64-fedora-gcc 1.6.1 85.33 NOTE
r-devel-macos-arm64 1.6.1 25.00 OK
r-devel-macos-x86_64 1.6.1 67.00 OK
r-devel-windows-x86_64 1.6.1 8.00 73.00 81.00 OK
r-patched-linux-x86_64 1.6.1 5.18 47.15 52.33 NOTE
r-release-linux-x86_64 1.6.1 3.84 45.91 49.75 NOTE
r-release-macos-arm64 1.6.1 27.00 OK
r-release-macos-x86_64 1.6.1 46.00 OK
r-release-windows-x86_64 1.6.1 7.00 71.00 78.00 OK
r-oldrel-macos-arm64 1.6.1 29.00 OK
r-oldrel-macos-x86_64 1.6.1 46.00 OK
r-oldrel-windows-x86_64 1.6.1 10.00 84.00 94.00 OK

Check Details

Version: 1.6.1
Check: for non-standard things in the check directory
Result: NOTE Found the following files/directories: ‘test2delete.txt’ ‘test2delete2_values.txt’ ‘test2delete_values.txt’ Flavors: r-devel-linux-x86_64-debian-clang, r-devel-linux-x86_64-debian-gcc, r-devel-linux-x86_64-fedora-clang, r-devel-linux-x86_64-fedora-gcc, r-patched-linux-x86_64, r-release-linux-x86_64

These binaries (installable software) and packages are in development.
They may not be fully stable and should be used with caution. We make no claims about them.