CRAN Package Check Results for Package fctbases

Last updated on 2025-07-02 03:50:41 CEST.

Flavor Version Tinstall Tcheck Ttotal Status Flags
r-devel-linux-x86_64-debian-clang 1.1.1 20.92 23.66 44.58 NOTE
r-devel-linux-x86_64-debian-gcc 1.1.1 16.08 18.78 34.86 NOTE
r-devel-linux-x86_64-fedora-clang 1.1.1 78.22 NOTE
r-devel-linux-x86_64-fedora-gcc 1.1.1 74.08 NOTE
r-devel-windows-x86_64 1.1.1 28.00 64.00 92.00 NOTE
r-patched-linux-x86_64 NOTE
r-release-linux-x86_64 1.1.1 22.66 21.30 43.96 NOTE
r-release-macos-arm64 1.1.1 30.00 NOTE
r-release-macos-x86_64 1.1.1 51.00 NOTE
r-release-windows-x86_64 1.1.1 28.00 58.00 86.00 NOTE
r-oldrel-macos-arm64 1.1.1 27.00 NOTE
r-oldrel-macos-x86_64 1.1.1 36.00 NOTE
r-oldrel-windows-x86_64 1.1.1 27.00 72.00 99.00 NOTE

Check Details

Version: 1.1.1
Check: CRAN incoming feasibility
Result: NOTE Maintainer: ‘Niels Olsen <nalo@dtu.dk>’ No Authors@R field in DESCRIPTION. Please add one, modifying Authors@R: person(given = "Niels", family = "Olsen", role = c("aut", "cre"), email = "nalo@dtu.dk") as necessary. Flavors: r-devel-linux-x86_64-debian-clang, r-devel-linux-x86_64-debian-gcc

Version: 1.1.1
Check: C++ specification
Result: NOTE Specified C++11: please drop specification unless essential Flavors: r-devel-linux-x86_64-debian-clang, r-devel-linux-x86_64-debian-gcc, r-devel-linux-x86_64-fedora-clang, r-devel-linux-x86_64-fedora-gcc, r-devel-windows-x86_64, r-patched-linux-x86_64, r-release-linux-x86_64, r-release-macos-arm64, r-release-macos-x86_64, r-release-windows-x86_64, r-oldrel-macos-arm64, r-oldrel-macos-x86_64, r-oldrel-windows-x86_64

These binaries (installable software) and packages are in development.
They may not be fully stable and should be used with caution. We make no claims about them.