Last updated on 2025-02-16 10:50:45 CET.
Flavor | Version | Tinstall | Tcheck | Ttotal | Status | Flags |
---|---|---|---|---|---|---|
r-devel-linux-x86_64-debian-clang | 1.1.1 | 19.76 | 21.85 | 41.61 | NOTE | |
r-devel-linux-x86_64-debian-gcc | 1.1.1 | 17.13 | 17.68 | 34.81 | NOTE | |
r-devel-linux-x86_64-fedora-clang | 1.1.1 | 79.90 | NOTE | |||
r-devel-linux-x86_64-fedora-gcc | 1.1.1 | 87.66 | NOTE | |||
r-devel-macos-arm64 | 1.1.1 | 29.00 | NOTE | |||
r-devel-macos-x86_64 | 1.1.1 | 45.00 | NOTE | |||
r-devel-windows-x86_64 | 1.1.1 | 26.00 | 66.00 | 92.00 | NOTE | |
r-patched-linux-x86_64 | 1.1.1 | 23.30 | 20.98 | 44.28 | NOTE | |
r-release-linux-x86_64 | 1.1.1 | 24.73 | 20.85 | 45.58 | NOTE | |
r-release-macos-arm64 | 1.1.1 | 27.00 | NOTE | |||
r-release-macos-x86_64 | 1.1.1 | 36.00 | NOTE | |||
r-release-windows-x86_64 | 1.1.1 | 26.00 | 70.00 | 96.00 | NOTE | |
r-oldrel-macos-arm64 | 1.1.1 | 27.00 | NOTE | |||
r-oldrel-macos-x86_64 | 1.1.1 | 40.00 | NOTE | |||
r-oldrel-windows-x86_64 | 1.1.1 | 32.00 | 69.00 | 101.00 | NOTE |
Version: 1.1.1
Check: C++ specification
Result: NOTE
Specified C++11: please drop specification unless essential
Flavors: r-devel-linux-x86_64-debian-clang, r-devel-linux-x86_64-debian-gcc, r-devel-linux-x86_64-fedora-clang, r-devel-linux-x86_64-fedora-gcc, r-devel-macos-arm64, r-devel-macos-x86_64, r-devel-windows-x86_64, r-patched-linux-x86_64, r-release-linux-x86_64, r-release-macos-arm64, r-release-macos-x86_64, r-release-windows-x86_64, r-oldrel-macos-arm64, r-oldrel-macos-x86_64, r-oldrel-windows-x86_64
These binaries (installable software) and packages are in development.
They may not be fully stable and should be used with caution. We make no claims about them.