CRAN Package Check Results for Package fcuk

Last updated on 2025-10-03 13:49:33 CEST.

Flavor Version Tinstall Tcheck Ttotal Status Flags
r-devel-linux-x86_64-debian-clang 0.1.21 3.28 39.22 42.50 NOTE
r-devel-linux-x86_64-debian-gcc 0.1.21 2.50 30.28 32.78 NOTE
r-devel-linux-x86_64-fedora-clang 0.1.21 63.09 NOTE
r-devel-linux-x86_64-fedora-gcc 0.1.21 106.41 NOTE
r-devel-windows-x86_64 0.1.21 5.00 56.00 61.00 OK
r-patched-linux-x86_64 0.1.21 3.56 36.31 39.87 NOTE
r-release-linux-x86_64 0.1.21 3.30 36.14 39.44 NOTE
r-release-macos-arm64 0.1.21 53.00 OK
r-release-macos-x86_64 0.1.21 93.00 OK
r-release-windows-x86_64 0.1.21 5.00 56.00 61.00 OK
r-oldrel-macos-arm64 0.1.21 42.00 NOTE
r-oldrel-macos-x86_64 0.1.21 66.00 NOTE
r-oldrel-windows-x86_64 0.1.21 6.00 65.00 71.00 NOTE

Check Details

Version: 0.1.21
Check: CRAN incoming feasibility
Result: NOTE Maintainer: ‘Vincent Guyader <vincent@thinkr.fr>’ No Authors@R field in DESCRIPTION. Please add one, modifying Authors@R: person(given = "Vincent", family = "Guyader", role = c("aut", "cre"), email = "vincent@thinkr.fr") as necessary. Flavors: r-devel-linux-x86_64-debian-clang, r-devel-linux-x86_64-debian-gcc

Version: 0.1.21
Check: for non-standard things in the check directory
Result: NOTE Found the following files/directories: ‘.Rprofile’ Flavors: r-devel-linux-x86_64-debian-clang, r-devel-linux-x86_64-debian-gcc, r-devel-linux-x86_64-fedora-clang, r-devel-linux-x86_64-fedora-gcc, r-patched-linux-x86_64, r-release-linux-x86_64

Version: 0.1.21
Check: LazyData
Result: NOTE 'LazyData' is specified without a 'data' directory Flavors: r-oldrel-macos-arm64, r-oldrel-macos-x86_64, r-oldrel-windows-x86_64

These binaries (installable software) and packages are in development.
They may not be fully stable and should be used with caution. We make no claims about them.