Last updated on 2025-02-19 16:50:48 CET.
Flavor | Version | Tinstall | Tcheck | Ttotal | Status | Flags |
---|---|---|---|---|---|---|
r-devel-linux-x86_64-debian-clang | 6.2.0 | 32.78 | 214.93 | 247.71 | OK | |
r-devel-linux-x86_64-debian-gcc | 6.2.0 | 18.88 | 139.28 | 158.16 | OK | |
r-devel-linux-x86_64-fedora-clang | 6.2.0 | 388.50 | OK | |||
r-devel-linux-x86_64-fedora-gcc | 6.2.0 | 396.29 | OK | |||
r-devel-macos-arm64 | 6.2.0 | 108.00 | OK | |||
r-devel-macos-x86_64 | 6.2.0 | 199.00 | OK | |||
r-devel-windows-x86_64 | 6.2.0 | 29.00 | 243.00 | 272.00 | OK | |
r-patched-linux-x86_64 | 6.2.0 | 32.47 | 202.41 | 234.88 | OK | |
r-release-linux-x86_64 | 6.2.0 | 21.88 | 201.89 | 223.77 | OK | |
r-release-macos-arm64 | 6.2.0 | 86.00 | NOTE | |||
r-release-macos-x86_64 | 6.2.0 | 251.00 | NOTE | |||
r-release-windows-x86_64 | 6.2.0 | 29.00 | 241.00 | 270.00 | OK | |
r-oldrel-macos-arm64 | 6.2.0 | 143.00 | OK | |||
r-oldrel-macos-x86_64 | 6.2.0 | 277.00 | NOTE | |||
r-oldrel-windows-x86_64 | 6.2.0 | 42.00 | 282.00 | 324.00 | OK |
Version: 6.2.0
Check: installed package size
Result: NOTE
installed size is 5.0Mb
sub-directories of 1Mb or more:
doc 2.7Mb
Flavors: r-release-macos-arm64, r-release-macos-x86_64, r-oldrel-macos-x86_64
These binaries (installable software) and packages are in development.
They may not be fully stable and should be used with caution. We make no claims about them.