Last updated on 2025-07-21 19:49:43 CEST.
Flavor | Version | Tinstall | Tcheck | Ttotal | Status | Flags |
---|---|---|---|---|---|---|
r-devel-linux-x86_64-debian-clang | 0.6.1 | 71.70 | 29.08 | 100.78 | OK | |
r-devel-linux-x86_64-debian-gcc | 0.6.1 | 55.59 | 22.74 | 78.33 | OK | |
r-devel-linux-x86_64-fedora-clang | 0.6.1 | 184.71 | OK | |||
r-devel-linux-x86_64-fedora-gcc | 0.6.1 | 189.47 | OK | |||
r-devel-windows-x86_64 | 0.6.1 | 80.00 | 72.00 | 152.00 | OK | |
r-patched-linux-x86_64 | 0.6.1 | 78.06 | 27.67 | 105.73 | OK | |
r-release-linux-x86_64 | 0.6.1 | 80.30 | 27.34 | 107.64 | OK | |
r-release-macos-arm64 | 0.6.1 | 52.00 | OK | |||
r-release-macos-x86_64 | 0.6.1 | 82.00 | OK | |||
r-release-windows-x86_64 | 0.6.1 | 78.00 | 73.00 | 151.00 | OK | |
r-oldrel-macos-arm64 | 0.6.1 | 49.00 | NOTE | |||
r-oldrel-macos-x86_64 | 0.6.1 | 61.00 | NOTE | |||
r-oldrel-windows-x86_64 | 0.6.1 | 101.00 | 88.00 | 189.00 | OK |
Version: 0.6.1
Check: installed package size
Result: NOTE
installed size is 7.6Mb
sub-directories of 1Mb or more:
libs 7.5Mb
Flavors: r-oldrel-macos-arm64, r-oldrel-macos-x86_64
These binaries (installable software) and packages are in development.
They may not be fully stable and should be used with caution. We make no claims about them.