Last updated on 2025-02-19 16:50:48 CET.
Flavor | Version | Tinstall | Tcheck | Ttotal | Status | Flags |
---|---|---|---|---|---|---|
r-devel-linux-x86_64-debian-clang | 0.6.1 | 68.77 | 28.97 | 97.74 | OK | |
r-devel-linux-x86_64-debian-gcc | 0.6.1 | 53.99 | 21.19 | 75.18 | OK | |
r-devel-linux-x86_64-fedora-clang | 0.6.1 | 185.08 | OK | |||
r-devel-linux-x86_64-fedora-gcc | 0.6.1 | 192.56 | OK | |||
r-devel-macos-arm64 | 0.6.1 | 48.00 | OK | |||
r-devel-macos-x86_64 | 0.6.1 | 65.00 | OK | |||
r-devel-windows-x86_64 | 0.6.1 | 68.00 | 75.00 | 143.00 | OK | |
r-patched-linux-x86_64 | 0.6.1 | 75.75 | 27.11 | 102.86 | OK | |
r-release-linux-x86_64 | 0.6.1 | 74.89 | 27.07 | 101.96 | OK | |
r-release-macos-arm64 | 0.6.1 | 49.00 | NOTE | |||
r-release-macos-x86_64 | 0.6.1 | 61.00 | NOTE | |||
r-release-windows-x86_64 | 0.6.1 | 73.00 | 76.00 | 149.00 | OK | |
r-oldrel-macos-arm64 | 0.6.1 | 54.00 | NOTE | |||
r-oldrel-macos-x86_64 | 0.6.1 | 80.00 | NOTE | |||
r-oldrel-windows-x86_64 | 0.6.1 | 91.00 | 78.00 | 169.00 | OK |
Version: 0.6.1
Check: installed package size
Result: NOTE
installed size is 7.6Mb
sub-directories of 1Mb or more:
libs 7.5Mb
Flavors: r-release-macos-arm64, r-release-macos-x86_64, r-oldrel-macos-arm64, r-oldrel-macos-x86_64
These binaries (installable software) and packages are in development.
They may not be fully stable and should be used with caution. We make no claims about them.