Last updated on 2025-11-13 03:51:01 CET.
| Flavor | Version | Tinstall | Tcheck | Ttotal | Status | Flags |
|---|---|---|---|---|---|---|
| r-devel-linux-x86_64-debian-clang | 1.1-21 | 1075.78 | 160.97 | 1236.75 | OK | |
| r-devel-linux-x86_64-debian-gcc | 1.1-21 | 1000.68 | 196.41 | 1197.09 | OK | |
| r-devel-linux-x86_64-fedora-clang | 1.1-21 | 1260.00 | 666.18 | 1926.18 | OK | |
| r-devel-linux-x86_64-fedora-gcc | 1.1-21 | 1080.00 | 1582.93 | 2662.93 | OK | |
| r-devel-windows-x86_64 | 1.1-21 | 1095.00 | 296.00 | 1391.00 | OK | |
| r-patched-linux-x86_64 | 1.1-21 | 1304.96 | 262.72 | 1567.68 | OK | |
| r-release-linux-x86_64 | 1.1-21 | 1295.14 | 266.38 | 1561.52 | OK | |
| r-release-macos-arm64 | 1.1-21 | 720.00 | 140.00 | 860.00 | OK | |
| r-release-macos-x86_64 | 1.1-21 | 394.00 | 124.00 | 518.00 | OK | |
| r-release-windows-x86_64 | 1.1-21 | 1137.00 | 292.00 | 1429.00 | OK | |
| r-oldrel-macos-arm64 | 1.1-21 | 485.00 | 54.00 | 539.00 | NOTE | |
| r-oldrel-macos-x86_64 | 1.1-21 | 389.00 | 128.00 | 517.00 | NOTE | |
| r-oldrel-windows-x86_64 | 1.1-21 | 1283.00 | 352.00 | 1635.00 | NOTE |
Version: 1.1-21
Check: installed package size
Result: NOTE
installed size is 12.1Mb
sub-directories of 1Mb or more:
libs 11.0Mb
Flavors: r-oldrel-macos-arm64, r-oldrel-macos-x86_64, r-oldrel-windows-x86_64
Version: 1.1-21
Check: for GNU extensions in Makefiles
Result: NOTE
GNU make is a SystemRequirements.
Flavors: r-oldrel-macos-arm64, r-oldrel-macos-x86_64, r-oldrel-windows-x86_64
These binaries (installable software) and packages are in development.
They may not be fully stable and should be used with caution. We make no claims about them.