Last updated on 2025-05-01 12:49:28 CEST.
Flavor | Version | Tinstall | Tcheck | Ttotal | Status | Flags |
---|---|---|---|---|---|---|
r-devel-linux-x86_64-debian-clang | 1.0.3 | 5.57 | 63.66 | 69.23 | NOTE | |
r-devel-linux-x86_64-debian-gcc | 1.0.3 | 4.25 | 46.02 | 50.27 | NOTE | |
r-devel-linux-x86_64-fedora-clang | 1.0.3 | 102.33 | NOTE | |||
r-devel-linux-x86_64-fedora-gcc | 1.0.3 | 112.33 | NOTE | |||
r-devel-windows-x86_64 | 1.0.3 | 7.00 | 79.00 | 86.00 | OK | |
r-patched-linux-x86_64 | 1.0.3 | 6.54 | 60.92 | 67.46 | OK | |
r-release-linux-x86_64 | OK | |||||
r-release-macos-arm64 | 1.0.3 | 39.00 | OK | |||
r-release-macos-x86_64 | 1.0.3 | 72.00 | OK | |||
r-release-windows-x86_64 | 1.0.3 | 8.00 | 80.00 | 88.00 | OK | |
r-oldrel-macos-arm64 | 1.0.3 | 37.00 | OK | |||
r-oldrel-macos-x86_64 | 1.0.3 | 62.00 | OK | |||
r-oldrel-windows-x86_64 | 1.0.3 | 10.00 | 93.00 | 103.00 | OK |
Version: 1.0.3
Check: CRAN incoming feasibility
Result: NOTE
Maintainer: ‘Antonio Elías <antonioefz91@gmail.com>’
The BugReports field in DESCRIPTION has
https://github.com/aefdz/fdaPOIFD
which should likely be
https://github.com/aefdz/fdaPOIFD/issues
instead.
Flavors: r-devel-linux-x86_64-debian-clang, r-devel-linux-x86_64-debian-gcc
Version: 1.0.3
Check: examples
Result: NOTE
Examples with CPU (user + system) or elapsed time > 5s
user system elapsed
outliergramPOFD 7.796 0.075 10.37
Flavor: r-devel-linux-x86_64-debian-clang
Version: 1.0.3
Check: examples
Result: NA
user system elapsed
outliergramPOFD 4.118 0.045 5.449
OK
Flavor: r-devel-linux-x86_64-debian-gcc
Version: 1.0.3
Check: dependencies in R code
Result: NOTE
Namespaces in Imports field not imported from:
‘FastGP’ ‘MASS’ ‘fdapace’
All declared Imports should be used.
Flavors: r-devel-linux-x86_64-fedora-clang, r-devel-linux-x86_64-fedora-gcc
These binaries (installable software) and packages are in development.
They may not be fully stable and should be used with caution. We make no claims about them.