Last updated on 2025-11-12 19:51:48 CET.
| Flavor | Version | Tinstall | Tcheck | Ttotal | Status | Flags |
|---|---|---|---|---|---|---|
| r-devel-linux-x86_64-debian-clang | 1.1.1 | 220.29 | 87.13 | 307.42 | OK | |
| r-devel-linux-x86_64-debian-gcc | 1.1.1 | 142.54 | 59.39 | 201.93 | OK | |
| r-devel-linux-x86_64-fedora-clang | 1.1.1 | 330.00 | 137.09 | 467.09 | OK | |
| r-devel-linux-x86_64-fedora-gcc | 1.1.1 | 311.00 | 203.84 | 514.84 | OK | |
| r-devel-windows-x86_64 | 1.1.1 | 196.00 | 112.00 | 308.00 | OK | |
| r-patched-linux-x86_64 | 1.1.1 | 203.90 | 79.60 | 283.50 | OK | |
| r-release-linux-x86_64 | 1.1.1 | 198.69 | 80.05 | 278.74 | OK | |
| r-release-macos-arm64 | 1.1.1 | 91.00 | 37.00 | 128.00 | OK | |
| r-release-macos-x86_64 | 1.1.1 | 118.00 | 78.00 | 196.00 | OK | |
| r-release-windows-x86_64 | 1.1.1 | 191.00 | 113.00 | 304.00 | OK | |
| r-oldrel-macos-arm64 | 1.1.1 | 83.00 | 36.00 | 119.00 | NOTE | |
| r-oldrel-macos-x86_64 | 1.1.1 | 95.00 | 53.00 | 148.00 | NOTE | |
| r-oldrel-windows-x86_64 | 1.1.1 | 234.00 | 145.00 | 379.00 | OK |
Version: 1.1.1
Check: installed package size
Result: NOTE
installed size is 25.5Mb
sub-directories of 1Mb or more:
libs 25.1Mb
Flavors: r-oldrel-macos-arm64, r-oldrel-macos-x86_64
These binaries (installable software) and packages are in development.
They may not be fully stable and should be used with caution. We make no claims about them.