Last updated on 2024-07-27 15:50:17 CEST.
Flavor | Version | Tinstall | Tcheck | Ttotal | Status | Flags |
---|---|---|---|---|---|---|
r-devel-linux-x86_64-debian-clang | 0.3.0 | 256.50 | 355.86 | 612.36 | OK | |
r-devel-linux-x86_64-debian-gcc | 0.3.0 | OK | ||||
r-devel-linux-x86_64-fedora-clang | 0.3.0 | 895.50 | NOTE | |||
r-devel-linux-x86_64-fedora-gcc | 0.3.0 | 801.88 | OK | |||
r-devel-windows-x86_64 | 0.3.0 | 196.00 | 441.00 | 637.00 | NOTE | |
r-patched-linux-x86_64 | 0.3.0 | OK | ||||
r-release-linux-x86_64 | 0.3.0 | 155.60 | 330.97 | 486.57 | OK | |
r-release-macos-arm64 | 0.3.0 | 188.00 | NOTE | |||
r-release-macos-x86_64 | 0.3.0 | 240.00 | NOTE | |||
r-release-windows-x86_64 | 0.3.0 | 242.00 | 434.00 | 676.00 | NOTE | |
r-oldrel-macos-arm64 | 0.3.0 | 171.00 | NOTE | |||
r-oldrel-macos-x86_64 | 0.3.0 | 394.00 | NOTE | |||
r-oldrel-windows-x86_64 | 0.3.0 | 236.00 | 568.00 | 804.00 | NOTE |
Version: 0.3.0
Check: installed package size
Result: NOTE
installed size is 6.7Mb
sub-directories of 1Mb or more:
R 1.8Mb
doc 1.5Mb
help 2.1Mb
Flavors: r-devel-linux-x86_64-fedora-clang, r-devel-windows-x86_64, r-release-macos-arm64, r-release-macos-x86_64, r-release-windows-x86_64, r-oldrel-macos-arm64, r-oldrel-macos-x86_64, r-oldrel-windows-x86_64
These binaries (installable software) and packages are in development.
They may not be fully stable and should be used with caution. We make no claims about them.