Last updated on 2025-05-01 08:52:32 CEST.
Flavor | Version | Tinstall | Tcheck | Ttotal | Status | Flags |
---|---|---|---|---|---|---|
r-devel-linux-x86_64-debian-clang | 0.1.3 | 23.67 | 47.80 | 71.47 | NOTE | |
r-devel-linux-x86_64-debian-gcc | 0.1.3 | 16.20 | 36.09 | 52.29 | OK | |
r-devel-linux-x86_64-fedora-clang | 0.1.3 | 122.26 | OK | |||
r-devel-linux-x86_64-fedora-gcc | 0.1.3 | 117.58 | OK | |||
r-devel-windows-x86_64 | 0.1.3 | 28.00 | 90.00 | 118.00 | OK | |
r-patched-linux-x86_64 | 0.1.3 | 21.44 | 48.15 | 69.59 | OK | |
r-release-linux-x86_64 | OK | |||||
r-release-macos-arm64 | 0.1.3 | 38.00 | OK | |||
r-release-macos-x86_64 | 0.1.3 | 68.00 | OK | |||
r-release-windows-x86_64 | 0.1.3 | 28.00 | 92.00 | 120.00 | OK | |
r-oldrel-macos-arm64 | 0.1.3 | 36.00 | NOTE | |||
r-oldrel-macos-x86_64 | 0.1.3 | 89.00 | NOTE | |||
r-oldrel-windows-x86_64 | 0.1.3 | 33.00 | 104.00 | 137.00 | OK |
Version: 0.1.3
Check: examples
Result: NOTE
Examples with CPU (user + system) or elapsed time > 5s
user system elapsed
ConcurReg 3.542 0.167 5.019
Flavor: r-devel-linux-x86_64-debian-clang
Version: 0.1.3
Check: installed package size
Result: NOTE
installed size is 6.6Mb
sub-directories of 1Mb or more:
libs 6.4Mb
Flavors: r-oldrel-macos-arm64, r-oldrel-macos-x86_64
These binaries (installable software) and packages are in development.
They may not be fully stable and should be used with caution. We make no claims about them.