Last updated on 2025-07-24 09:49:57 CEST.
Flavor | Version | Tinstall | Tcheck | Ttotal | Status | Flags |
---|---|---|---|---|---|---|
r-devel-linux-x86_64-debian-clang | 0.1.3 | 24.09 | 47.72 | 71.81 | OK | |
r-devel-linux-x86_64-debian-gcc | 0.1.3 | 17.85 | 37.20 | 55.05 | OK | |
r-devel-linux-x86_64-fedora-clang | 0.1.3 | 123.15 | OK | |||
r-devel-linux-x86_64-fedora-gcc | 0.1.3 | 118.38 | OK | |||
r-devel-windows-x86_64 | 0.1.3 | 29.00 | 94.00 | 123.00 | OK | |
r-patched-linux-x86_64 | 0.1.3 | 23.71 | 49.11 | 72.82 | OK | |
r-release-linux-x86_64 | 0.1.3 | 23.16 | 48.24 | 71.40 | OK | |
r-release-macos-arm64 | 0.1.3 | 38.00 | OK | |||
r-release-macos-x86_64 | 0.1.3 | 68.00 | OK | |||
r-release-windows-x86_64 | 0.1.3 | 29.00 | 90.00 | 119.00 | OK | |
r-oldrel-macos-arm64 | 0.1.3 | 36.00 | NOTE | |||
r-oldrel-macos-x86_64 | 0.1.3 | 89.00 | NOTE | |||
r-oldrel-windows-x86_64 | 0.1.3 | 35.00 | 104.00 | 139.00 | OK |
Version: 0.1.3
Check: installed package size
Result: NOTE
installed size is 6.6Mb
sub-directories of 1Mb or more:
libs 6.4Mb
Flavors: r-oldrel-macos-arm64, r-oldrel-macos-x86_64
These binaries (installable software) and packages are in development.
They may not be fully stable and should be used with caution. We make no claims about them.