Last updated on 2025-02-16 10:50:45 CET.
Flavor | Version | Tinstall | Tcheck | Ttotal | Status | Flags |
---|---|---|---|---|---|---|
r-devel-linux-x86_64-debian-clang | 0.1.2 | 14.63 | 44.73 | 59.36 | NOTE | |
r-devel-linux-x86_64-debian-gcc | 0.1.2 | 9.87 | 32.94 | 42.81 | NOTE | |
r-devel-linux-x86_64-fedora-clang | 0.1.2 | 101.02 | OK | |||
r-devel-linux-x86_64-fedora-gcc | 0.1.2 | 102.44 | OK | |||
r-devel-macos-arm64 | 0.1.2 | 33.00 | OK | |||
r-devel-macos-x86_64 | 0.1.2 | 55.00 | OK | |||
r-devel-windows-x86_64 | 0.1.2 | 17.00 | 88.00 | 105.00 | NOTE | |
r-patched-linux-x86_64 | 0.1.2 | 20.19 | 41.37 | 61.56 | OK | |
r-release-linux-x86_64 | 0.1.2 | 11.79 | 42.91 | 54.70 | OK | |
r-release-macos-arm64 | 0.1.2 | 33.00 | OK | |||
r-release-macos-x86_64 | 0.1.2 | 43.00 | OK | |||
r-release-windows-x86_64 | 0.1.2 | 18.00 | 93.00 | 111.00 | OK | |
r-oldrel-macos-arm64 | 0.1.2 | 36.00 | OK | |||
r-oldrel-macos-x86_64 | 0.1.2 | 55.00 | OK | |||
r-oldrel-windows-x86_64 | 0.1.2 | 22.00 | 97.00 | 119.00 | OK |
Version: 0.1.2
Check: Rd cross-references
Result: NOTE
Found the following Rd file(s) with Rd \link{} targets missing package
anchors:
FPCAdens.Rd: FPCA
Please provide package anchors for all Rd \link{} targets not in the
package itself and the base packages.
Flavors: r-devel-linux-x86_64-debian-clang, r-devel-linux-x86_64-debian-gcc, r-devel-windows-x86_64
These binaries (installable software) and packages are in development.
They may not be fully stable and should be used with caution. We make no claims about them.