Last updated on 2025-07-05 19:50:33 CEST.
Flavor | Version | Tinstall | Tcheck | Ttotal | Status | Flags |
---|---|---|---|---|---|---|
r-devel-linux-x86_64-debian-clang | 0.6.0 | 231.48 | 184.69 | 416.17 | OK | |
r-devel-linux-x86_64-debian-gcc | 0.6.0 | 170.54 | 141.90 | 312.44 | OK | |
r-devel-linux-x86_64-fedora-clang | 0.6.0 | 682.13 | OK | |||
r-devel-linux-x86_64-fedora-gcc | 0.6.0 | 713.78 | OK | |||
r-devel-windows-x86_64 | 0.6.0 | 226.00 | 218.00 | 444.00 | OK | |
r-patched-linux-x86_64 | 0.6.0 | 218.93 | 197.36 | 416.29 | OK | |
r-release-linux-x86_64 | 0.6.0 | 217.93 | 196.24 | 414.17 | OK | |
r-release-macos-arm64 | 0.6.0 | 169.00 | OK | |||
r-release-macos-x86_64 | 0.6.0 | 226.00 | OK | |||
r-release-windows-x86_64 | 0.6.0 | 214.00 | 218.00 | 432.00 | OK | |
r-oldrel-macos-arm64 | 0.6.0 | 228.00 | NOTE | |||
r-oldrel-macos-x86_64 | 0.6.0 | 302.00 | NOTE | |||
r-oldrel-windows-x86_64 | 0.6.0 | 268.00 | 272.00 | 540.00 | OK |
Version: 0.6.0
Check: installed package size
Result: NOTE
installed size is 40.2Mb
sub-directories of 1Mb or more:
libs 38.5Mb
Flavors: r-oldrel-macos-arm64, r-oldrel-macos-x86_64
These binaries (installable software) and packages are in development.
They may not be fully stable and should be used with caution. We make no claims about them.