CRAN Package Check Results for Package fdapace

Last updated on 2025-05-01 08:52:32 CEST.

Flavor Version Tinstall Tcheck Ttotal Status Flags
r-devel-linux-x86_64-debian-clang 0.6.0 217.16 183.94 401.10 NOTE
r-devel-linux-x86_64-debian-gcc 0.6.0 168.49 147.38 315.87 OK
r-devel-linux-x86_64-fedora-clang 0.6.0 753.90 OK
r-devel-linux-x86_64-fedora-gcc 0.6.0 730.10 OK
r-devel-windows-x86_64 0.6.0 230.00 215.00 445.00 OK
r-patched-linux-x86_64 0.6.0 224.65 195.85 420.50 OK
r-release-linux-x86_64 OK
r-release-macos-arm64 0.6.0 169.00 OK
r-release-macos-x86_64 0.6.0 226.00 OK
r-release-windows-x86_64 0.6.0 234.00 213.00 447.00 OK
r-oldrel-macos-arm64 0.6.0 228.00 NOTE
r-oldrel-macos-x86_64 0.6.0 302.00 NOTE
r-oldrel-windows-x86_64 0.6.0 257.00 281.00 538.00 OK

Check Details

Version: 0.6.0
Check: examples
Result: NOTE Examples with CPU (user + system) or elapsed time > 5s user system elapsed TVAM 4.842 0.351 6.343 WFDA 4.499 0.193 5.652 Flavor: r-devel-linux-x86_64-debian-clang

Version: 0.6.0
Check: installed package size
Result: NOTE installed size is 40.2Mb sub-directories of 1Mb or more: libs 38.5Mb Flavors: r-oldrel-macos-arm64, r-oldrel-macos-x86_64

These binaries (installable software) and packages are in development.
They may not be fully stable and should be used with caution. We make no claims about them.