Last updated on 2025-05-02 02:50:54 CEST.
Flavor | Version | Tinstall | Tcheck | Ttotal | Status | Flags |
---|---|---|---|---|---|---|
r-devel-linux-x86_64-debian-clang | 2.3.6 | 83.79 | 182.51 | 266.30 | OK | |
r-devel-linux-x86_64-debian-gcc | 2.3.6 | 58.20 | 114.62 | 172.82 | OK | |
r-devel-linux-x86_64-fedora-clang | 2.3.6 | 461.79 | OK | |||
r-devel-linux-x86_64-fedora-gcc | 2.3.6 | 443.18 | OK | |||
r-devel-windows-x86_64 | 2.3.6 | 92.00 | 207.00 | 299.00 | OK | |
r-patched-linux-x86_64 | 2.3.6 | 78.21 | 174.40 | 252.61 | OK | |
r-release-linux-x86_64 | OK | |||||
r-release-macos-arm64 | 2.3.6 | 98.00 | OK | |||
r-release-macos-x86_64 | 2.3.6 | 165.00 | OK | |||
r-release-windows-x86_64 | 2.3.6 | 90.00 | 203.00 | 293.00 | OK | |
r-oldrel-macos-arm64 | 2.3.6 | 87.00 | NOTE | |||
r-oldrel-macos-x86_64 | 2.3.6 | 183.00 | NOTE | |||
r-oldrel-windows-x86_64 | 2.3.6 | 108.00 | 276.00 | 384.00 | NOTE |
Version: 2.3.6
Check: installed package size
Result: NOTE
installed size is 8.6Mb
sub-directories of 1Mb or more:
data 2.3Mb
libs 4.8Mb
Flavors: r-oldrel-macos-arm64, r-oldrel-macos-x86_64, r-oldrel-windows-x86_64
These binaries (installable software) and packages are in development.
They may not be fully stable and should be used with caution. We make no claims about them.